{"id":752,"date":"2017-03-10T07:33:26","date_gmt":"2017-03-10T10:33:26","guid":{"rendered":"http:\/\/localhost\/paroquia\/?page_id=752"},"modified":"2024-01-16T06:41:39","modified_gmt":"2024-01-16T09:41:39","slug":"horarios","status":"publish","type":"page","link":"https:\/\/www.paroquiavilaoperaria.org.br\/portal\/novena-perpetua\/horarios\/","title":{"rendered":"Hor\u00e1rios"},"content":{"rendered":"<p>Acompanhe <a href=\"https:\/\/www.youtube.com\/user\/Paroquiadavila\" target=\"_blank\" rel=\"noopener noreferrer\"><span style=\"color: #ff0000;\"><strong>AO VIVO na TV Par\u00f3quia<\/strong><\/span><\/a>, a transmiss\u00e3o das missas da Igreja Matriz de S\u00e3o Jos\u00e9 Oper\u00e1rio.<\/p>\n<p>Ter\u00e7as-feiras transmitimos \u00a0as novenas a partir das 5h da manh\u00e3 at\u00e9 \u00e0s 21h45.<\/p>\n<p>Aos domingos transmitimos as missas das 8h da manh\u00e3 e 17h.<\/p>\n<p>Segunda-feira, quarta-feira, quinta-feira, sexta-feira e s\u00e1bado a missa acontece \u00e0s 19h.<\/p>\n<p>Aos domingos a missa acontece \u00e0s 6h e \u00a08h da manh\u00e3. A tarde acontece \u00e0s 17h.<br \/>\n<a href=\"https:\/\/www.paroquiavilaoperaria.org.br\/portal\/wp-content\/uploads\/2024\/01\/funcionamento-.png\"><img loading=\"lazy\" decoding=\"async\" class=\"alignnone wp-image-2422 size-full\" src=\"https:\/\/www.paroquiavilaoperaria.org.br\/portal\/wp-content\/uploads\/2024\/01\/funcionamento-.png\" alt=\"\" width=\"1080\" height=\"1920\" srcset=\"https:\/\/www.paroquiavilaoperaria.org.br\/portal\/wp-content\/uploads\/2024\/01\/funcionamento-.png 1080w, https:\/\/www.paroquiavilaoperaria.org.br\/portal\/wp-content\/uploads\/2024\/01\/funcionamento--169x300.png 169w, https:\/\/www.paroquiavilaoperaria.org.br\/portal\/wp-content\/uploads\/2024\/01\/funcionamento--576x1024.png 576w, https:\/\/www.paroquiavilaoperaria.org.br\/portal\/wp-content\/uploads\/2024\/01\/funcionamento--768x1365.png 768w, https:\/\/www.paroquiavilaoperaria.org.br\/portal\/wp-content\/uploads\/2024\/01\/funcionamento--864x1536.png 864w\" sizes=\"(max-width: 1080px) 100vw, 1080px\" \/><\/a><\/p>\n<p>Confiss\u00f5es todas as ter\u00e7as-feiras manh\u00e3 de 8:00h \u00e0s 12:00h tarde de 15:00h \u00e0s 19:00h.<\/p>\n","protected":false},"excerpt":{"rendered":"<p>Acompanhe AO VIVO na TV Par\u00f3quia, a transmiss\u00e3o das missas da Igreja Matriz de S\u00e3o Jos\u00e9 Oper\u00e1rio. Ter\u00e7as-feiras transmitimos \u00a0as novenas a partir das 5h da manh\u00e3 at\u00e9 \u00e0s 21h45. Aos domingos transmitimos as missas das 8h da manh\u00e3 e 17h. Segunda-feira, quarta-feira, quinta-feira, sexta-feira e s\u00e1bado a missa acontece \u00e0s 19h. Aos domingos a &hellip;<\/p>\n","protected":false},"author":1,"featured_media":0,"parent":748,"menu_order":0,"comment_status":"closed","ping_status":"closed","template":"","meta":{"_acf_changed":false,"footnotes":""},"acf":[],"yoast_head":"<!-- This site is optimized with the Yoast SEO plugin v16.9 - https:\/\/yoast.com\/wordpress\/plugins\/seo\/ -->\n<title>Hor\u00e1rios - Par\u00f3quia da Vila Oper\u00e1ria - Teresina - Piau\u00ed<\/title>\n<meta name=\"robots\" content=\"index, follow, max-snippet:-1, max-image-preview:large, max-video-preview:-1\" \/>\n<link rel=\"canonical\" href=\"https:\/\/www.paroquiavilaoperaria.org.br\/portal\/novena-perpetua\/horarios\/\" \/>\n<meta property=\"og:locale\" content=\"pt_BR\" \/>\n<meta property=\"og:type\" content=\"article\" \/>\n<meta property=\"og:title\" content=\"Hor\u00e1rios - Par\u00f3quia da Vila Oper\u00e1ria - Teresina - Piau\u00ed\" \/>\n<meta property=\"og:description\" content=\"Acompanhe AO VIVO na TV Par\u00f3quia, a transmiss\u00e3o das missas da Igreja Matriz de S\u00e3o Jos\u00e9 Oper\u00e1rio. Ter\u00e7as-feiras transmitimos \u00a0as novenas a partir das 5h da manh\u00e3 at\u00e9 \u00e0s 21h45. Aos domingos transmitimos as missas das 8h da manh\u00e3 e 17h. Segunda-feira, quarta-feira, quinta-feira, sexta-feira e s\u00e1bado a missa acontece \u00e0s 19h. Aos domingos a &hellip;\" \/>\n<meta property=\"og:url\" content=\"https:\/\/www.paroquiavilaoperaria.org.br\/portal\/novena-perpetua\/horarios\/\" \/>\n<meta property=\"og:site_name\" content=\"Par\u00f3quia da Vila Oper\u00e1ria - Teresina - Piau\u00ed\" \/>\n<meta property=\"article:publisher\" content=\"https:\/\/www.facebook.com\/Valdeci-Cavalcante-Advocacia-Assessoria-211334022240065\/\" \/>\n<meta property=\"article:modified_time\" content=\"2024-01-16T09:41:39+00:00\" \/>\n<meta property=\"og:image\" content=\"https:\/\/www.paroquiavilaoperaria.org.br\/portal\/wp-content\/uploads\/2024\/01\/funcionamento-.png\" \/>\n<meta name=\"twitter:card\" content=\"summary\" \/>\n<meta name=\"twitter:label1\" content=\"Est. tempo de leitura\" \/>\n\t<meta name=\"twitter:data1\" content=\"1 minuto\" \/>\n<script type=\"application\/ld+json\" class=\"yoast-schema-graph\">{\"@context\":\"https:\/\/schema.org\",\"@graph\":[{\"@type\":\"WebSite\",\"@id\":\"https:\/\/www.paroquiavilaoperaria.org.br\/portal\/#website\",\"url\":\"https:\/\/www.paroquiavilaoperaria.org.br\/portal\/\",\"name\":\"Par\\u00f3quia da Vila Oper\\u00e1ria - Teresina - Piau\\u00ed\",\"description\":\"\",\"potentialAction\":[{\"@type\":\"SearchAction\",\"target\":{\"@type\":\"EntryPoint\",\"urlTemplate\":\"https:\/\/www.paroquiavilaoperaria.org.br\/portal\/?s={search_term_string}\"},\"query-input\":\"required name=search_term_string\"}],\"inLanguage\":\"pt-BR\"},{\"@type\":\"ImageObject\",\"@id\":\"https:\/\/www.paroquiavilaoperaria.org.br\/portal\/novena-perpetua\/horarios\/#primaryimage\",\"inLanguage\":\"pt-BR\",\"url\":\"https:\/\/www.paroquiavilaoperaria.org.br\/portal\/wp-content\/uploads\/2024\/01\/funcionamento-.png\",\"contentUrl\":\"https:\/\/www.paroquiavilaoperaria.org.br\/portal\/wp-content\/uploads\/2024\/01\/funcionamento-.png\",\"width\":1080,\"height\":1920},{\"@type\":\"WebPage\",\"@id\":\"https:\/\/www.paroquiavilaoperaria.org.br\/portal\/novena-perpetua\/horarios\/#webpage\",\"url\":\"https:\/\/www.paroquiavilaoperaria.org.br\/portal\/novena-perpetua\/horarios\/\",\"name\":\"Hor\\u00e1rios - Par\\u00f3quia da Vila Oper\\u00e1ria - Teresina - Piau\\u00ed\",\"isPartOf\":{\"@id\":\"https:\/\/www.paroquiavilaoperaria.org.br\/portal\/#website\"},\"primaryImageOfPage\":{\"@id\":\"https:\/\/www.paroquiavilaoperaria.org.br\/portal\/novena-perpetua\/horarios\/#primaryimage\"},\"datePublished\":\"2017-03-10T10:33:26+00:00\",\"dateModified\":\"2024-01-16T09:41:39+00:00\",\"breadcrumb\":{\"@id\":\"https:\/\/www.paroquiavilaoperaria.org.br\/portal\/novena-perpetua\/horarios\/#breadcrumb\"},\"inLanguage\":\"pt-BR\",\"potentialAction\":[{\"@type\":\"ReadAction\",\"target\":[\"https:\/\/www.paroquiavilaoperaria.org.br\/portal\/novena-perpetua\/horarios\/\"]}]},{\"@type\":\"BreadcrumbList\",\"@id\":\"https:\/\/www.paroquiavilaoperaria.org.br\/portal\/novena-perpetua\/horarios\/#breadcrumb\",\"itemListElement\":[{\"@type\":\"ListItem\",\"position\":1,\"name\":\"In\\u00edcio\",\"item\":\"https:\/\/www.paroquiavilaoperaria.org.br\/portal\/\"},{\"@type\":\"ListItem\",\"position\":2,\"name\":\"Novena Perp\\u00e9tua\",\"item\":\"https:\/\/www.paroquiavilaoperaria.org.br\/portal\/novena-perpetua\/\"},{\"@type\":\"ListItem\",\"position\":3,\"name\":\"Hor\\u00e1rios\"}]}]}<\/script>\n<!-- \/ Yoast SEO plugin. -->","yoast_head_json":{"title":"Hor\u00e1rios - Par\u00f3quia da Vila Oper\u00e1ria - Teresina - Piau\u00ed","robots":{"index":"index","follow":"follow","max-snippet":"max-snippet:-1","max-image-preview":"max-image-preview:large","max-video-preview":"max-video-preview:-1"},"canonical":"https:\/\/www.paroquiavilaoperaria.org.br\/portal\/novena-perpetua\/horarios\/","og_locale":"pt_BR","og_type":"article","og_title":"Hor\u00e1rios - Par\u00f3quia da Vila Oper\u00e1ria - Teresina - Piau\u00ed","og_description":"Acompanhe AO VIVO na TV Par\u00f3quia, a transmiss\u00e3o das missas da Igreja Matriz de S\u00e3o Jos\u00e9 Oper\u00e1rio. Ter\u00e7as-feiras transmitimos \u00a0as novenas a partir das 5h da manh\u00e3 at\u00e9 \u00e0s 21h45. Aos domingos transmitimos as missas das 8h da manh\u00e3 e 17h. Segunda-feira, quarta-feira, quinta-feira, sexta-feira e s\u00e1bado a missa acontece \u00e0s 19h. Aos domingos a &hellip;","og_url":"https:\/\/www.paroquiavilaoperaria.org.br\/portal\/novena-perpetua\/horarios\/","og_site_name":"Par\u00f3quia da Vila Oper\u00e1ria - Teresina - Piau\u00ed","article_publisher":"https:\/\/www.facebook.com\/Valdeci-Cavalcante-Advocacia-Assessoria-211334022240065\/","article_modified_time":"2024-01-16T09:41:39+00:00","og_image":[{"url":"https:\/\/www.paroquiavilaoperaria.org.br\/portal\/wp-content\/uploads\/2024\/01\/funcionamento-.png"}],"twitter_card":"summary","twitter_misc":{"Est. tempo de leitura":"1 minuto"},"schema":{"@context":"https:\/\/schema.org","@graph":[{"@type":"WebSite","@id":"https:\/\/www.paroquiavilaoperaria.org.br\/portal\/#website","url":"https:\/\/www.paroquiavilaoperaria.org.br\/portal\/","name":"Par\u00f3quia da Vila Oper\u00e1ria - Teresina - Piau\u00ed","description":"","potentialAction":[{"@type":"SearchAction","target":{"@type":"EntryPoint","urlTemplate":"https:\/\/www.paroquiavilaoperaria.org.br\/portal\/?s={search_term_string}"},"query-input":"required name=search_term_string"}],"inLanguage":"pt-BR"},{"@type":"ImageObject","@id":"https:\/\/www.paroquiavilaoperaria.org.br\/portal\/novena-perpetua\/horarios\/#primaryimage","inLanguage":"pt-BR","url":"https:\/\/www.paroquiavilaoperaria.org.br\/portal\/wp-content\/uploads\/2024\/01\/funcionamento-.png","contentUrl":"https:\/\/www.paroquiavilaoperaria.org.br\/portal\/wp-content\/uploads\/2024\/01\/funcionamento-.png","width":1080,"height":1920},{"@type":"WebPage","@id":"https:\/\/www.paroquiavilaoperaria.org.br\/portal\/novena-perpetua\/horarios\/#webpage","url":"https:\/\/www.paroquiavilaoperaria.org.br\/portal\/novena-perpetua\/horarios\/","name":"Hor\u00e1rios - Par\u00f3quia da Vila Oper\u00e1ria - Teresina - Piau\u00ed","isPartOf":{"@id":"https:\/\/www.paroquiavilaoperaria.org.br\/portal\/#website"},"primaryImageOfPage":{"@id":"https:\/\/www.paroquiavilaoperaria.org.br\/portal\/novena-perpetua\/horarios\/#primaryimage"},"datePublished":"2017-03-10T10:33:26+00:00","dateModified":"2024-01-16T09:41:39+00:00","breadcrumb":{"@id":"https:\/\/www.paroquiavilaoperaria.org.br\/portal\/novena-perpetua\/horarios\/#breadcrumb"},"inLanguage":"pt-BR","potentialAction":[{"@type":"ReadAction","target":["https:\/\/www.paroquiavilaoperaria.org.br\/portal\/novena-perpetua\/horarios\/"]}]},{"@type":"BreadcrumbList","@id":"https:\/\/www.paroquiavilaoperaria.org.br\/portal\/novena-perpetua\/horarios\/#breadcrumb","itemListElement":[{"@type":"ListItem","position":1,"name":"In\u00edcio","item":"https:\/\/www.paroquiavilaoperaria.org.br\/portal\/"},{"@type":"ListItem","position":2,"name":"Novena Perp\u00e9tua","item":"https:\/\/www.paroquiavilaoperaria.org.br\/portal\/novena-perpetua\/"},{"@type":"ListItem","position":3,"name":"Hor\u00e1rios"}]}]}},"_links":{"self":[{"href":"https:\/\/www.paroquiavilaoperaria.org.br\/portal\/wp-json\/wp\/v2\/pages\/752"}],"collection":[{"href":"https:\/\/www.paroquiavilaoperaria.org.br\/portal\/wp-json\/wp\/v2\/pages"}],"about":[{"href":"https:\/\/www.paroquiavilaoperaria.org.br\/portal\/wp-json\/wp\/v2\/types\/page"}],"author":[{"embeddable":true,"href":"https:\/\/www.paroquiavilaoperaria.org.br\/portal\/wp-json\/wp\/v2\/users\/1"}],"replies":[{"embeddable":true,"href":"https:\/\/www.paroquiavilaoperaria.org.br\/portal\/wp-json\/wp\/v2\/comments?post=752"}],"version-history":[{"count":10,"href":"https:\/\/www.paroquiavilaoperaria.org.br\/portal\/wp-json\/wp\/v2\/pages\/752\/revisions"}],"predecessor-version":[{"id":2425,"href":"https:\/\/www.paroquiavilaoperaria.org.br\/portal\/wp-json\/wp\/v2\/pages\/752\/revisions\/2425"}],"up":[{"embeddable":true,"href":"https:\/\/www.paroquiavilaoperaria.org.br\/portal\/wp-json\/wp\/v2\/pages\/748"}],"wp:attachment":[{"href":"https:\/\/www.paroquiavilaoperaria.org.br\/portal\/wp-json\/wp\/v2\/media?parent=752"}],"curies":[{"name":"wp","href":"https:\/\/api.w.org\/{rel}","templated":true}]}}