{"id":746,"date":"2017-03-10T07:30:48","date_gmt":"2017-03-10T10:30:48","guid":{"rendered":"http:\/\/localhost\/paroquia\/?page_id=746"},"modified":"2017-03-13T12:16:11","modified_gmt":"2017-03-13T15:16:11","slug":"redentoristas","status":"publish","type":"page","link":"https:\/\/www.paroquiavilaoperaria.org.br\/portal\/a-paroquia\/redentoristas\/","title":{"rendered":"Redentoristas"},"content":{"rendered":"<p style=\"text-align: justify;\"><a href=\"http:\/\/www.paroquiavilaoperaria.org.br\/portal\/wp-content\/uploads\/2017\/03\/congregacao_redentorista-210x300.jpg\"><img loading=\"lazy\" decoding=\"async\" class=\"alignleft size-full wp-image-897\" src=\"http:\/\/www.paroquiavilaoperaria.org.br\/portal\/wp-content\/uploads\/2017\/03\/congregacao_redentorista-210x300.jpg\" alt=\"\" width=\"210\" height=\"300\" \/><\/a>A Congrega\u00e7\u00e3o do Sant\u00edssimo Redentor, popularmente chamada de <span style=\"color: #ff0000;\"><strong><a style=\"color: #ff0000;\" href=\"http:\/\/www.cssr.com\/portugues\/\" target=\"_blank\">Congrega\u00e7\u00e3o Redentorista<\/a><\/strong><\/span>, foi fundada por Santo Afonso Maria de Liguori no dia 9 de novembro de 1732, em Scala, no sul da It\u00e1lia. Santo Afonso nasceu em N\u00e1poles no dia 27 de setembro de 1696. Recebeu uma educa\u00e7\u00e3o exigente e esmerada, pois seu pai queria que se tornasse um grande advogado. Aos 16 anos, se formou em direito civil e eclesi\u00e1stico. Exerceu a advocacia durante oito anos.<\/p>\n<p style=\"text-align: justify;\">Contra a vontade do pai, aos trinta anos foi ordenado sacerdote. Exagerou nas atividades pastorais, ficando esgotado. A conselho m\u00e9dico foi descansar nas montanhas, mas vendo o abandono religioso dos cabreiros da regi\u00e3o, o descanso se tornou verdadeira miss\u00e3o popular. A\u00ed surgiu a id\u00e9ia de fundar uma congrega\u00e7\u00e3o mission\u00e1ria, que se dedicasse \u00e0 evangeliza\u00e7\u00e3o dos mais abandonados.<\/p>\n<p style=\"text-align: justify;\">O lema da nossa Congrega\u00e7\u00e3o \u2013 Copiosa Apud Eum Redemptio &#8211; significa: <em>\u201cCom ele h\u00e1 Copiosa Reden\u00e7\u00e3o\u201d<\/em>.<\/p>\n<p style=\"text-align: justify;\">Como Santo Afonso, continuamos Jesus, o Redentor, pregando esta Boa Nova aos pobres. Atualmente, a Congrega\u00e7\u00e3o est\u00e1 presente em 78 pa\u00edses, com cerca de 5.500 Mission\u00e1rios. No Brasil, os Redentoristas iniciaram suas atividades em 1894, atrav\u00e9s da Prov\u00edncia holandesa, exercendo atividades mission\u00e1rias por todo o territ\u00f3rio nacional.<\/p>\n<p style=\"text-align: justify;\">Uma congrega\u00e7\u00e3o, normalmente, se comp\u00f5e de v\u00e1rias prov\u00edncias divididas por regi\u00f5es geogr\u00e1ficas. No pa\u00eds, os Redentoristas s\u00f3 n\u00e3o t\u00eam resid\u00eancia nos estados do Acre, de Roraima e do Amap\u00e1. A Prov\u00edncia do Rio de Janeiro abrange os estados do Rio, de Minas Gerais e do Esp\u00edrito Santo. As outras unidades da Congrega\u00e7\u00e3o no Brasil s\u00e3o: Prov\u00edncias de S\u00e3o Paulo, de Porto Alegre, de Campo Grande, de Goi\u00e1s, Vice-Prov\u00edncias de Manaus, de Recife, de Fortaleza e da Bahia.<\/p>\n<p><strong>Saiba mais:<\/strong><\/p>\n<p><a title=\"SITE REDENTORISTAS\" href=\"http:\/\/www.a12.com\/redentoristas\" target=\"_blank\">http:\/\/www.a12.com\/redentoristas<\/a><\/p>\n","protected":false},"excerpt":{"rendered":"<p>A Congrega\u00e7\u00e3o do Sant\u00edssimo Redentor, popularmente chamada de Congrega\u00e7\u00e3o Redentorista, foi fundada por Santo Afonso Maria de Liguori no dia 9 de novembro de 1732, em Scala, no sul da It\u00e1lia. Santo Afonso nasceu em N\u00e1poles no dia 27 de setembro de 1696. Recebeu uma educa\u00e7\u00e3o exigente e esmerada, pois seu pai queria que se &hellip;<\/p>\n","protected":false},"author":1,"featured_media":0,"parent":740,"menu_order":0,"comment_status":"closed","ping_status":"closed","template":"","meta":{"_acf_changed":false,"footnotes":""},"acf":[],"yoast_head":"<!-- This site is optimized with the Yoast SEO plugin v16.9 - https:\/\/yoast.com\/wordpress\/plugins\/seo\/ -->\n<title>Redentoristas - Par\u00f3quia da Vila Oper\u00e1ria - Teresina - Piau\u00ed<\/title>\n<meta name=\"robots\" content=\"index, follow, max-snippet:-1, max-image-preview:large, max-video-preview:-1\" \/>\n<link rel=\"canonical\" href=\"https:\/\/www.paroquiavilaoperaria.org.br\/portal\/a-paroquia\/redentoristas\/\" \/>\n<meta property=\"og:locale\" content=\"pt_BR\" \/>\n<meta property=\"og:type\" content=\"article\" \/>\n<meta property=\"og:title\" content=\"Redentoristas - Par\u00f3quia da Vila Oper\u00e1ria - Teresina - Piau\u00ed\" \/>\n<meta property=\"og:description\" content=\"A Congrega\u00e7\u00e3o do Sant\u00edssimo Redentor, popularmente chamada de Congrega\u00e7\u00e3o Redentorista, foi fundada por Santo Afonso Maria de Liguori no dia 9 de novembro de 1732, em Scala, no sul da It\u00e1lia. Santo Afonso nasceu em N\u00e1poles no dia 27 de setembro de 1696. Recebeu uma educa\u00e7\u00e3o exigente e esmerada, pois seu pai queria que se &hellip;\" \/>\n<meta property=\"og:url\" content=\"https:\/\/www.paroquiavilaoperaria.org.br\/portal\/a-paroquia\/redentoristas\/\" \/>\n<meta property=\"og:site_name\" content=\"Par\u00f3quia da Vila Oper\u00e1ria - Teresina - Piau\u00ed\" \/>\n<meta property=\"article:publisher\" content=\"https:\/\/www.facebook.com\/Valdeci-Cavalcante-Advocacia-Assessoria-211334022240065\/\" \/>\n<meta property=\"article:modified_time\" content=\"2017-03-13T15:16:11+00:00\" \/>\n<meta property=\"og:image\" content=\"http:\/\/www.paroquiavilaoperaria.org.br\/portal\/wp-content\/uploads\/2017\/03\/congregacao_redentorista-210x300.jpg\" \/>\n<meta name=\"twitter:card\" content=\"summary\" \/>\n<meta name=\"twitter:label1\" content=\"Est. tempo de leitura\" \/>\n\t<meta name=\"twitter:data1\" content=\"2 minutos\" \/>\n<script type=\"application\/ld+json\" class=\"yoast-schema-graph\">{\"@context\":\"https:\/\/schema.org\",\"@graph\":[{\"@type\":\"WebSite\",\"@id\":\"https:\/\/www.paroquiavilaoperaria.org.br\/portal\/#website\",\"url\":\"https:\/\/www.paroquiavilaoperaria.org.br\/portal\/\",\"name\":\"Par\\u00f3quia da Vila Oper\\u00e1ria - Teresina - Piau\\u00ed\",\"description\":\"\",\"potentialAction\":[{\"@type\":\"SearchAction\",\"target\":{\"@type\":\"EntryPoint\",\"urlTemplate\":\"https:\/\/www.paroquiavilaoperaria.org.br\/portal\/?s={search_term_string}\"},\"query-input\":\"required name=search_term_string\"}],\"inLanguage\":\"pt-BR\"},{\"@type\":\"ImageObject\",\"@id\":\"https:\/\/www.paroquiavilaoperaria.org.br\/portal\/a-paroquia\/redentoristas\/#primaryimage\",\"inLanguage\":\"pt-BR\",\"url\":\"http:\/\/www.paroquiavilaoperaria.org.br\/portal\/wp-content\/uploads\/2017\/03\/congregacao_redentorista-210x300.jpg\",\"contentUrl\":\"http:\/\/www.paroquiavilaoperaria.org.br\/portal\/wp-content\/uploads\/2017\/03\/congregacao_redentorista-210x300.jpg\"},{\"@type\":\"WebPage\",\"@id\":\"https:\/\/www.paroquiavilaoperaria.org.br\/portal\/a-paroquia\/redentoristas\/#webpage\",\"url\":\"https:\/\/www.paroquiavilaoperaria.org.br\/portal\/a-paroquia\/redentoristas\/\",\"name\":\"Redentoristas - Par\\u00f3quia da Vila Oper\\u00e1ria - Teresina - Piau\\u00ed\",\"isPartOf\":{\"@id\":\"https:\/\/www.paroquiavilaoperaria.org.br\/portal\/#website\"},\"primaryImageOfPage\":{\"@id\":\"https:\/\/www.paroquiavilaoperaria.org.br\/portal\/a-paroquia\/redentoristas\/#primaryimage\"},\"datePublished\":\"2017-03-10T10:30:48+00:00\",\"dateModified\":\"2017-03-13T15:16:11+00:00\",\"breadcrumb\":{\"@id\":\"https:\/\/www.paroquiavilaoperaria.org.br\/portal\/a-paroquia\/redentoristas\/#breadcrumb\"},\"inLanguage\":\"pt-BR\",\"potentialAction\":[{\"@type\":\"ReadAction\",\"target\":[\"https:\/\/www.paroquiavilaoperaria.org.br\/portal\/a-paroquia\/redentoristas\/\"]}]},{\"@type\":\"BreadcrumbList\",\"@id\":\"https:\/\/www.paroquiavilaoperaria.org.br\/portal\/a-paroquia\/redentoristas\/#breadcrumb\",\"itemListElement\":[{\"@type\":\"ListItem\",\"position\":1,\"name\":\"In\\u00edcio\",\"item\":\"https:\/\/www.paroquiavilaoperaria.org.br\/portal\/\"},{\"@type\":\"ListItem\",\"position\":2,\"name\":\"A Par\\u00f3quia\",\"item\":\"https:\/\/www.paroquiavilaoperaria.org.br\/portal\/a-paroquia\/\"},{\"@type\":\"ListItem\",\"position\":3,\"name\":\"Redentoristas\"}]}]}<\/script>\n<!-- \/ Yoast SEO plugin. -->","yoast_head_json":{"title":"Redentoristas - Par\u00f3quia da Vila Oper\u00e1ria - Teresina - Piau\u00ed","robots":{"index":"index","follow":"follow","max-snippet":"max-snippet:-1","max-image-preview":"max-image-preview:large","max-video-preview":"max-video-preview:-1"},"canonical":"https:\/\/www.paroquiavilaoperaria.org.br\/portal\/a-paroquia\/redentoristas\/","og_locale":"pt_BR","og_type":"article","og_title":"Redentoristas - Par\u00f3quia da Vila Oper\u00e1ria - Teresina - Piau\u00ed","og_description":"A Congrega\u00e7\u00e3o do Sant\u00edssimo Redentor, popularmente chamada de Congrega\u00e7\u00e3o Redentorista, foi fundada por Santo Afonso Maria de Liguori no dia 9 de novembro de 1732, em Scala, no sul da It\u00e1lia. Santo Afonso nasceu em N\u00e1poles no dia 27 de setembro de 1696. Recebeu uma educa\u00e7\u00e3o exigente e esmerada, pois seu pai queria que se &hellip;","og_url":"https:\/\/www.paroquiavilaoperaria.org.br\/portal\/a-paroquia\/redentoristas\/","og_site_name":"Par\u00f3quia da Vila Oper\u00e1ria - Teresina - Piau\u00ed","article_publisher":"https:\/\/www.facebook.com\/Valdeci-Cavalcante-Advocacia-Assessoria-211334022240065\/","article_modified_time":"2017-03-13T15:16:11+00:00","og_image":[{"url":"http:\/\/www.paroquiavilaoperaria.org.br\/portal\/wp-content\/uploads\/2017\/03\/congregacao_redentorista-210x300.jpg"}],"twitter_card":"summary","twitter_misc":{"Est. tempo de leitura":"2 minutos"},"schema":{"@context":"https:\/\/schema.org","@graph":[{"@type":"WebSite","@id":"https:\/\/www.paroquiavilaoperaria.org.br\/portal\/#website","url":"https:\/\/www.paroquiavilaoperaria.org.br\/portal\/","name":"Par\u00f3quia da Vila Oper\u00e1ria - Teresina - Piau\u00ed","description":"","potentialAction":[{"@type":"SearchAction","target":{"@type":"EntryPoint","urlTemplate":"https:\/\/www.paroquiavilaoperaria.org.br\/portal\/?s={search_term_string}"},"query-input":"required name=search_term_string"}],"inLanguage":"pt-BR"},{"@type":"ImageObject","@id":"https:\/\/www.paroquiavilaoperaria.org.br\/portal\/a-paroquia\/redentoristas\/#primaryimage","inLanguage":"pt-BR","url":"http:\/\/www.paroquiavilaoperaria.org.br\/portal\/wp-content\/uploads\/2017\/03\/congregacao_redentorista-210x300.jpg","contentUrl":"http:\/\/www.paroquiavilaoperaria.org.br\/portal\/wp-content\/uploads\/2017\/03\/congregacao_redentorista-210x300.jpg"},{"@type":"WebPage","@id":"https:\/\/www.paroquiavilaoperaria.org.br\/portal\/a-paroquia\/redentoristas\/#webpage","url":"https:\/\/www.paroquiavilaoperaria.org.br\/portal\/a-paroquia\/redentoristas\/","name":"Redentoristas - Par\u00f3quia da Vila Oper\u00e1ria - Teresina - Piau\u00ed","isPartOf":{"@id":"https:\/\/www.paroquiavilaoperaria.org.br\/portal\/#website"},"primaryImageOfPage":{"@id":"https:\/\/www.paroquiavilaoperaria.org.br\/portal\/a-paroquia\/redentoristas\/#primaryimage"},"datePublished":"2017-03-10T10:30:48+00:00","dateModified":"2017-03-13T15:16:11+00:00","breadcrumb":{"@id":"https:\/\/www.paroquiavilaoperaria.org.br\/portal\/a-paroquia\/redentoristas\/#breadcrumb"},"inLanguage":"pt-BR","potentialAction":[{"@type":"ReadAction","target":["https:\/\/www.paroquiavilaoperaria.org.br\/portal\/a-paroquia\/redentoristas\/"]}]},{"@type":"BreadcrumbList","@id":"https:\/\/www.paroquiavilaoperaria.org.br\/portal\/a-paroquia\/redentoristas\/#breadcrumb","itemListElement":[{"@type":"ListItem","position":1,"name":"In\u00edcio","item":"https:\/\/www.paroquiavilaoperaria.org.br\/portal\/"},{"@type":"ListItem","position":2,"name":"A Par\u00f3quia","item":"https:\/\/www.paroquiavilaoperaria.org.br\/portal\/a-paroquia\/"},{"@type":"ListItem","position":3,"name":"Redentoristas"}]}]}},"_links":{"self":[{"href":"https:\/\/www.paroquiavilaoperaria.org.br\/portal\/wp-json\/wp\/v2\/pages\/746"}],"collection":[{"href":"https:\/\/www.paroquiavilaoperaria.org.br\/portal\/wp-json\/wp\/v2\/pages"}],"about":[{"href":"https:\/\/www.paroquiavilaoperaria.org.br\/portal\/wp-json\/wp\/v2\/types\/page"}],"author":[{"embeddable":true,"href":"https:\/\/www.paroquiavilaoperaria.org.br\/portal\/wp-json\/wp\/v2\/users\/1"}],"replies":[{"embeddable":true,"href":"https:\/\/www.paroquiavilaoperaria.org.br\/portal\/wp-json\/wp\/v2\/comments?post=746"}],"version-history":[{"count":3,"href":"https:\/\/www.paroquiavilaoperaria.org.br\/portal\/wp-json\/wp\/v2\/pages\/746\/revisions"}],"predecessor-version":[{"id":898,"href":"https:\/\/www.paroquiavilaoperaria.org.br\/portal\/wp-json\/wp\/v2\/pages\/746\/revisions\/898"}],"up":[{"embeddable":true,"href":"https:\/\/www.paroquiavilaoperaria.org.br\/portal\/wp-json\/wp\/v2\/pages\/740"}],"wp:attachment":[{"href":"https:\/\/www.paroquiavilaoperaria.org.br\/portal\/wp-json\/wp\/v2\/media?parent=746"}],"curies":[{"name":"wp","href":"https:\/\/api.w.org\/{rel}","templated":true}]}}