{"id":744,"date":"2017-03-10T07:30:22","date_gmt":"2017-03-10T10:30:22","guid":{"rendered":"http:\/\/localhost\/paroquia\/?page_id=744"},"modified":"2017-03-31T07:52:06","modified_gmt":"2017-03-31T10:52:06","slug":"territorio-paroquial","status":"publish","type":"page","link":"https:\/\/www.paroquiavilaoperaria.org.br\/portal\/a-paroquia\/territorio-paroquial\/","title":{"rendered":"Territ\u00f3rio Paroquial"},"content":{"rendered":"<p style=\"text-align: justify;\">O territ\u00f3rio paroquial da Par\u00f3quia de S\u00e3o Jos\u00e9 Oper\u00e1rio \u00e9 composto por 6 comunidades: Vila Oper\u00e1ria, Matinha, Acarape, Conjunto dos Moradores, Matadouro e Vila Bom Jesus. Cada comunidade possui uma capela sendo que a Igreja da Vila Oper\u00e1ria \u00e9 a Igreja Matriz da par\u00f3quia. \u00a0Ao todo as comunidades da Par\u00f3quia de S\u00e3o Jos\u00e9 formam uma grande comunidade de f\u00e9 envolvidas pelo amor de Cristo e pela prote\u00e7\u00e3o e gra\u00e7a de Nossa Senhora e S\u00e3o Jos\u00e9.<\/p>\n<p style=\"text-align: justify;\"><a href=\"http:\/\/www.paroquiavilaoperaria.org.br\/portal\/wp-content\/uploads\/2017\/03\/PSJO-TERRITORIO-PAROQUIAL-1024x1016.jpg\"><img loading=\"lazy\" decoding=\"async\" class=\"alignleft size-full wp-image-925\" src=\"http:\/\/www.paroquiavilaoperaria.org.br\/portal\/wp-content\/uploads\/2017\/03\/PSJO-TERRITORIO-PAROQUIAL-1024x1016.jpg\" alt=\"\" width=\"1024\" height=\"1016\" srcset=\"https:\/\/www.paroquiavilaoperaria.org.br\/portal\/wp-content\/uploads\/2017\/03\/PSJO-TERRITORIO-PAROQUIAL-1024x1016.jpg 1024w, https:\/\/www.paroquiavilaoperaria.org.br\/portal\/wp-content\/uploads\/2017\/03\/PSJO-TERRITORIO-PAROQUIAL-1024x1016-150x150.jpg 150w, https:\/\/www.paroquiavilaoperaria.org.br\/portal\/wp-content\/uploads\/2017\/03\/PSJO-TERRITORIO-PAROQUIAL-1024x1016-300x298.jpg 300w, https:\/\/www.paroquiavilaoperaria.org.br\/portal\/wp-content\/uploads\/2017\/03\/PSJO-TERRITORIO-PAROQUIAL-1024x1016-768x762.jpg 768w, https:\/\/www.paroquiavilaoperaria.org.br\/portal\/wp-content\/uploads\/2017\/03\/PSJO-TERRITORIO-PAROQUIAL-1024x1016-180x180.jpg 180w\" sizes=\"(max-width: 1024px) 100vw, 1024px\" \/><\/a><\/p>\n","protected":false},"excerpt":{"rendered":"<p>O territ\u00f3rio paroquial da Par\u00f3quia de S\u00e3o Jos\u00e9 Oper\u00e1rio \u00e9 composto por 6 comunidades: Vila Oper\u00e1ria, Matinha, Acarape, Conjunto dos Moradores, Matadouro e Vila Bom Jesus. Cada comunidade possui uma capela sendo que a Igreja da Vila Oper\u00e1ria \u00e9 a Igreja Matriz da par\u00f3quia. \u00a0Ao todo as comunidades da Par\u00f3quia de S\u00e3o Jos\u00e9 formam uma &hellip;<\/p>\n","protected":false},"author":1,"featured_media":0,"parent":740,"menu_order":0,"comment_status":"closed","ping_status":"closed","template":"","meta":{"_acf_changed":false,"footnotes":""},"acf":[],"yoast_head":"<!-- This site is optimized with the Yoast SEO plugin v16.9 - https:\/\/yoast.com\/wordpress\/plugins\/seo\/ -->\n<title>Territ\u00f3rio Paroquial - Par\u00f3quia da Vila Oper\u00e1ria - Teresina - Piau\u00ed<\/title>\n<meta name=\"robots\" content=\"index, follow, max-snippet:-1, max-image-preview:large, max-video-preview:-1\" \/>\n<link rel=\"canonical\" href=\"https:\/\/www.paroquiavilaoperaria.org.br\/portal\/a-paroquia\/territorio-paroquial\/\" \/>\n<meta property=\"og:locale\" content=\"pt_BR\" \/>\n<meta property=\"og:type\" content=\"article\" \/>\n<meta property=\"og:title\" content=\"Territ\u00f3rio Paroquial - Par\u00f3quia da Vila Oper\u00e1ria - Teresina - Piau\u00ed\" \/>\n<meta property=\"og:description\" content=\"O territ\u00f3rio paroquial da Par\u00f3quia de S\u00e3o Jos\u00e9 Oper\u00e1rio \u00e9 composto por 6 comunidades: Vila Oper\u00e1ria, Matinha, Acarape, Conjunto dos Moradores, Matadouro e Vila Bom Jesus. Cada comunidade possui uma capela sendo que a Igreja da Vila Oper\u00e1ria \u00e9 a Igreja Matriz da par\u00f3quia. \u00a0Ao todo as comunidades da Par\u00f3quia de S\u00e3o Jos\u00e9 formam uma &hellip;\" \/>\n<meta property=\"og:url\" content=\"https:\/\/www.paroquiavilaoperaria.org.br\/portal\/a-paroquia\/territorio-paroquial\/\" \/>\n<meta property=\"og:site_name\" content=\"Par\u00f3quia da Vila Oper\u00e1ria - Teresina - Piau\u00ed\" \/>\n<meta property=\"article:publisher\" content=\"https:\/\/www.facebook.com\/Valdeci-Cavalcante-Advocacia-Assessoria-211334022240065\/\" \/>\n<meta property=\"article:modified_time\" content=\"2017-03-31T10:52:06+00:00\" \/>\n<meta property=\"og:image\" content=\"http:\/\/www.paroquiavilaoperaria.org.br\/portal\/wp-content\/uploads\/2017\/03\/PSJO-TERRITORIO-PAROQUIAL-1024x1016.jpg\" \/>\n<meta name=\"twitter:card\" content=\"summary\" \/>\n<script type=\"application\/ld+json\" class=\"yoast-schema-graph\">{\"@context\":\"https:\/\/schema.org\",\"@graph\":[{\"@type\":\"WebSite\",\"@id\":\"https:\/\/www.paroquiavilaoperaria.org.br\/portal\/#website\",\"url\":\"https:\/\/www.paroquiavilaoperaria.org.br\/portal\/\",\"name\":\"Par\\u00f3quia da Vila Oper\\u00e1ria - Teresina - Piau\\u00ed\",\"description\":\"\",\"potentialAction\":[{\"@type\":\"SearchAction\",\"target\":{\"@type\":\"EntryPoint\",\"urlTemplate\":\"https:\/\/www.paroquiavilaoperaria.org.br\/portal\/?s={search_term_string}\"},\"query-input\":\"required name=search_term_string\"}],\"inLanguage\":\"pt-BR\"},{\"@type\":\"ImageObject\",\"@id\":\"https:\/\/www.paroquiavilaoperaria.org.br\/portal\/a-paroquia\/territorio-paroquial\/#primaryimage\",\"inLanguage\":\"pt-BR\",\"url\":\"http:\/\/www.paroquiavilaoperaria.org.br\/portal\/wp-content\/uploads\/2017\/03\/PSJO-TERRITORIO-PAROQUIAL-1024x1016.jpg\",\"contentUrl\":\"http:\/\/www.paroquiavilaoperaria.org.br\/portal\/wp-content\/uploads\/2017\/03\/PSJO-TERRITORIO-PAROQUIAL-1024x1016.jpg\"},{\"@type\":\"WebPage\",\"@id\":\"https:\/\/www.paroquiavilaoperaria.org.br\/portal\/a-paroquia\/territorio-paroquial\/#webpage\",\"url\":\"https:\/\/www.paroquiavilaoperaria.org.br\/portal\/a-paroquia\/territorio-paroquial\/\",\"name\":\"Territ\\u00f3rio Paroquial - Par\\u00f3quia da Vila Oper\\u00e1ria - Teresina - Piau\\u00ed\",\"isPartOf\":{\"@id\":\"https:\/\/www.paroquiavilaoperaria.org.br\/portal\/#website\"},\"primaryImageOfPage\":{\"@id\":\"https:\/\/www.paroquiavilaoperaria.org.br\/portal\/a-paroquia\/territorio-paroquial\/#primaryimage\"},\"datePublished\":\"2017-03-10T10:30:22+00:00\",\"dateModified\":\"2017-03-31T10:52:06+00:00\",\"breadcrumb\":{\"@id\":\"https:\/\/www.paroquiavilaoperaria.org.br\/portal\/a-paroquia\/territorio-paroquial\/#breadcrumb\"},\"inLanguage\":\"pt-BR\",\"potentialAction\":[{\"@type\":\"ReadAction\",\"target\":[\"https:\/\/www.paroquiavilaoperaria.org.br\/portal\/a-paroquia\/territorio-paroquial\/\"]}]},{\"@type\":\"BreadcrumbList\",\"@id\":\"https:\/\/www.paroquiavilaoperaria.org.br\/portal\/a-paroquia\/territorio-paroquial\/#breadcrumb\",\"itemListElement\":[{\"@type\":\"ListItem\",\"position\":1,\"name\":\"In\\u00edcio\",\"item\":\"https:\/\/www.paroquiavilaoperaria.org.br\/portal\/\"},{\"@type\":\"ListItem\",\"position\":2,\"name\":\"A Par\\u00f3quia\",\"item\":\"https:\/\/www.paroquiavilaoperaria.org.br\/portal\/a-paroquia\/\"},{\"@type\":\"ListItem\",\"position\":3,\"name\":\"Territ\\u00f3rio Paroquial\"}]}]}<\/script>\n<!-- \/ Yoast SEO plugin. -->","yoast_head_json":{"title":"Territ\u00f3rio Paroquial - Par\u00f3quia da Vila Oper\u00e1ria - Teresina - Piau\u00ed","robots":{"index":"index","follow":"follow","max-snippet":"max-snippet:-1","max-image-preview":"max-image-preview:large","max-video-preview":"max-video-preview:-1"},"canonical":"https:\/\/www.paroquiavilaoperaria.org.br\/portal\/a-paroquia\/territorio-paroquial\/","og_locale":"pt_BR","og_type":"article","og_title":"Territ\u00f3rio Paroquial - Par\u00f3quia da Vila Oper\u00e1ria - Teresina - Piau\u00ed","og_description":"O territ\u00f3rio paroquial da Par\u00f3quia de S\u00e3o Jos\u00e9 Oper\u00e1rio \u00e9 composto por 6 comunidades: Vila Oper\u00e1ria, Matinha, Acarape, Conjunto dos Moradores, Matadouro e Vila Bom Jesus. Cada comunidade possui uma capela sendo que a Igreja da Vila Oper\u00e1ria \u00e9 a Igreja Matriz da par\u00f3quia. \u00a0Ao todo as comunidades da Par\u00f3quia de S\u00e3o Jos\u00e9 formam uma &hellip;","og_url":"https:\/\/www.paroquiavilaoperaria.org.br\/portal\/a-paroquia\/territorio-paroquial\/","og_site_name":"Par\u00f3quia da Vila Oper\u00e1ria - Teresina - Piau\u00ed","article_publisher":"https:\/\/www.facebook.com\/Valdeci-Cavalcante-Advocacia-Assessoria-211334022240065\/","article_modified_time":"2017-03-31T10:52:06+00:00","og_image":[{"url":"http:\/\/www.paroquiavilaoperaria.org.br\/portal\/wp-content\/uploads\/2017\/03\/PSJO-TERRITORIO-PAROQUIAL-1024x1016.jpg"}],"twitter_card":"summary","schema":{"@context":"https:\/\/schema.org","@graph":[{"@type":"WebSite","@id":"https:\/\/www.paroquiavilaoperaria.org.br\/portal\/#website","url":"https:\/\/www.paroquiavilaoperaria.org.br\/portal\/","name":"Par\u00f3quia da Vila Oper\u00e1ria - Teresina - Piau\u00ed","description":"","potentialAction":[{"@type":"SearchAction","target":{"@type":"EntryPoint","urlTemplate":"https:\/\/www.paroquiavilaoperaria.org.br\/portal\/?s={search_term_string}"},"query-input":"required name=search_term_string"}],"inLanguage":"pt-BR"},{"@type":"ImageObject","@id":"https:\/\/www.paroquiavilaoperaria.org.br\/portal\/a-paroquia\/territorio-paroquial\/#primaryimage","inLanguage":"pt-BR","url":"http:\/\/www.paroquiavilaoperaria.org.br\/portal\/wp-content\/uploads\/2017\/03\/PSJO-TERRITORIO-PAROQUIAL-1024x1016.jpg","contentUrl":"http:\/\/www.paroquiavilaoperaria.org.br\/portal\/wp-content\/uploads\/2017\/03\/PSJO-TERRITORIO-PAROQUIAL-1024x1016.jpg"},{"@type":"WebPage","@id":"https:\/\/www.paroquiavilaoperaria.org.br\/portal\/a-paroquia\/territorio-paroquial\/#webpage","url":"https:\/\/www.paroquiavilaoperaria.org.br\/portal\/a-paroquia\/territorio-paroquial\/","name":"Territ\u00f3rio Paroquial - Par\u00f3quia da Vila Oper\u00e1ria - Teresina - Piau\u00ed","isPartOf":{"@id":"https:\/\/www.paroquiavilaoperaria.org.br\/portal\/#website"},"primaryImageOfPage":{"@id":"https:\/\/www.paroquiavilaoperaria.org.br\/portal\/a-paroquia\/territorio-paroquial\/#primaryimage"},"datePublished":"2017-03-10T10:30:22+00:00","dateModified":"2017-03-31T10:52:06+00:00","breadcrumb":{"@id":"https:\/\/www.paroquiavilaoperaria.org.br\/portal\/a-paroquia\/territorio-paroquial\/#breadcrumb"},"inLanguage":"pt-BR","potentialAction":[{"@type":"ReadAction","target":["https:\/\/www.paroquiavilaoperaria.org.br\/portal\/a-paroquia\/territorio-paroquial\/"]}]},{"@type":"BreadcrumbList","@id":"https:\/\/www.paroquiavilaoperaria.org.br\/portal\/a-paroquia\/territorio-paroquial\/#breadcrumb","itemListElement":[{"@type":"ListItem","position":1,"name":"In\u00edcio","item":"https:\/\/www.paroquiavilaoperaria.org.br\/portal\/"},{"@type":"ListItem","position":2,"name":"A Par\u00f3quia","item":"https:\/\/www.paroquiavilaoperaria.org.br\/portal\/a-paroquia\/"},{"@type":"ListItem","position":3,"name":"Territ\u00f3rio Paroquial"}]}]}},"_links":{"self":[{"href":"https:\/\/www.paroquiavilaoperaria.org.br\/portal\/wp-json\/wp\/v2\/pages\/744"}],"collection":[{"href":"https:\/\/www.paroquiavilaoperaria.org.br\/portal\/wp-json\/wp\/v2\/pages"}],"about":[{"href":"https:\/\/www.paroquiavilaoperaria.org.br\/portal\/wp-json\/wp\/v2\/types\/page"}],"author":[{"embeddable":true,"href":"https:\/\/www.paroquiavilaoperaria.org.br\/portal\/wp-json\/wp\/v2\/users\/1"}],"replies":[{"embeddable":true,"href":"https:\/\/www.paroquiavilaoperaria.org.br\/portal\/wp-json\/wp\/v2\/comments?post=744"}],"version-history":[{"count":2,"href":"https:\/\/www.paroquiavilaoperaria.org.br\/portal\/wp-json\/wp\/v2\/pages\/744\/revisions"}],"predecessor-version":[{"id":926,"href":"https:\/\/www.paroquiavilaoperaria.org.br\/portal\/wp-json\/wp\/v2\/pages\/744\/revisions\/926"}],"up":[{"embeddable":true,"href":"https:\/\/www.paroquiavilaoperaria.org.br\/portal\/wp-json\/wp\/v2\/pages\/740"}],"wp:attachment":[{"href":"https:\/\/www.paroquiavilaoperaria.org.br\/portal\/wp-json\/wp\/v2\/media?parent=744"}],"curies":[{"name":"wp","href":"https:\/\/api.w.org\/{rel}","templated":true}]}}