{"id":742,"date":"2017-03-10T07:29:48","date_gmt":"2017-03-10T10:29:48","guid":{"rendered":"http:\/\/localhost\/paroquia\/?page_id=742"},"modified":"2017-03-13T12:25:11","modified_gmt":"2017-03-13T15:25:11","slug":"historia","status":"publish","type":"page","link":"https:\/\/www.paroquiavilaoperaria.org.br\/portal\/a-paroquia\/historia\/","title":{"rendered":"Nossa Hist\u00f3ria"},"content":{"rendered":"<p style=\"text-align: justify;\">A Par\u00f3quia de S\u00e3o Jos\u00e9 Oper\u00e1rio foi fundada em 1 de Maio de 1957. Pertencia ao territ\u00f3rio de Nossa Senhora do Amparo e foi elevada a categoria de Par\u00f3quia pela provis\u00e3o de Dom Avelar Brand\u00e3o Vilela.<\/p>\n<p style=\"text-align: justify;\">No dia 8 de Agosto de 1957 Pe. Francisco das Chagas Carvalho foi nomeado vig\u00e1rio na nova Par\u00f3quia, tomando posse no dia 11 do mesmo m\u00eas.<\/p>\n<p style=\"text-align: justify;\"><img loading=\"lazy\" decoding=\"async\" class=\"alignleft size-full wp-image-906\" src=\"http:\/\/www.paroquiavilaoperaria.org.br\/portal\/wp-content\/uploads\/2017\/03\/igreja-na-decada-de-60.jpg\" alt=\"\" width=\"912\" height=\"600\" srcset=\"https:\/\/www.paroquiavilaoperaria.org.br\/portal\/wp-content\/uploads\/2017\/03\/igreja-na-decada-de-60.jpg 912w, https:\/\/www.paroquiavilaoperaria.org.br\/portal\/wp-content\/uploads\/2017\/03\/igreja-na-decada-de-60-300x197.jpg 300w, https:\/\/www.paroquiavilaoperaria.org.br\/portal\/wp-content\/uploads\/2017\/03\/igreja-na-decada-de-60-768x505.jpg 768w\" sizes=\"(max-width: 912px) 100vw, 912px\" \/><\/p>\n<p style=\"text-align: justify;\">No dia 19 de Maio de 1959 os Mission\u00e1rios Redentoristas vieram pregar as Santas Miss\u00f5es Populares na Par\u00f3quia de S\u00e3o Jos\u00e9 Oper\u00e1rio.Notou-se que em todos os setores o movimento foi extraordin\u00e1rio,mas na Matriz superou a tudo o que se podia esperar.<\/p>\n<p style=\"text-align: justify;\">Em 1960 os Mission\u00e1rios Redentoristas Americanos assumiram a Par\u00f3quia de S\u00e3o Jos\u00e9 Oper\u00e1rio, passando a continuidade da miss\u00e3o aos Redentoristas da Vice-Prov\u00edncia de Fortaleza no ano de 1964.<\/p>\n","protected":false},"excerpt":{"rendered":"<p>A Par\u00f3quia de S\u00e3o Jos\u00e9 Oper\u00e1rio foi fundada em 1 de Maio de 1957. Pertencia ao territ\u00f3rio de Nossa Senhora do Amparo e foi elevada a categoria de Par\u00f3quia pela provis\u00e3o de Dom Avelar Brand\u00e3o Vilela. No dia 8 de Agosto de 1957 Pe. Francisco das Chagas Carvalho foi nomeado vig\u00e1rio na nova Par\u00f3quia, tomando &hellip;<\/p>\n","protected":false},"author":1,"featured_media":808,"parent":740,"menu_order":0,"comment_status":"closed","ping_status":"closed","template":"","meta":{"_acf_changed":false,"footnotes":""},"acf":[],"yoast_head":"<!-- This site is optimized with the Yoast SEO plugin v16.9 - https:\/\/yoast.com\/wordpress\/plugins\/seo\/ -->\n<title>Nossa Hist\u00f3ria - Par\u00f3quia da Vila Oper\u00e1ria - Teresina - Piau\u00ed<\/title>\n<meta name=\"robots\" content=\"index, follow, max-snippet:-1, max-image-preview:large, max-video-preview:-1\" \/>\n<link rel=\"canonical\" href=\"https:\/\/www.paroquiavilaoperaria.org.br\/portal\/a-paroquia\/historia\/\" \/>\n<meta property=\"og:locale\" content=\"pt_BR\" \/>\n<meta property=\"og:type\" content=\"article\" \/>\n<meta property=\"og:title\" content=\"Nossa Hist\u00f3ria - Par\u00f3quia da Vila Oper\u00e1ria - Teresina - Piau\u00ed\" \/>\n<meta property=\"og:description\" content=\"A Par\u00f3quia de S\u00e3o Jos\u00e9 Oper\u00e1rio foi fundada em 1 de Maio de 1957. Pertencia ao territ\u00f3rio de Nossa Senhora do Amparo e foi elevada a categoria de Par\u00f3quia pela provis\u00e3o de Dom Avelar Brand\u00e3o Vilela. No dia 8 de Agosto de 1957 Pe. Francisco das Chagas Carvalho foi nomeado vig\u00e1rio na nova Par\u00f3quia, tomando &hellip;\" \/>\n<meta property=\"og:url\" content=\"https:\/\/www.paroquiavilaoperaria.org.br\/portal\/a-paroquia\/historia\/\" \/>\n<meta property=\"og:site_name\" content=\"Par\u00f3quia da Vila Oper\u00e1ria - Teresina - Piau\u00ed\" \/>\n<meta property=\"article:publisher\" content=\"https:\/\/www.facebook.com\/Valdeci-Cavalcante-Advocacia-Assessoria-211334022240065\/\" \/>\n<meta property=\"article:modified_time\" content=\"2017-03-13T15:25:11+00:00\" \/>\n<meta property=\"og:image\" content=\"https:\/\/www.paroquiavilaoperaria.org.br\/portal\/wp-content\/uploads\/2017\/03\/vila_operaria1.jpg\" \/>\n\t<meta property=\"og:image:width\" content=\"1548\" \/>\n\t<meta property=\"og:image:height\" content=\"1037\" \/>\n<meta name=\"twitter:card\" content=\"summary\" \/>\n<meta name=\"twitter:label1\" content=\"Est. tempo de leitura\" \/>\n\t<meta name=\"twitter:data1\" content=\"1 minuto\" \/>\n<script type=\"application\/ld+json\" class=\"yoast-schema-graph\">{\"@context\":\"https:\/\/schema.org\",\"@graph\":[{\"@type\":\"WebSite\",\"@id\":\"https:\/\/www.paroquiavilaoperaria.org.br\/portal\/#website\",\"url\":\"https:\/\/www.paroquiavilaoperaria.org.br\/portal\/\",\"name\":\"Par\\u00f3quia da Vila Oper\\u00e1ria - Teresina - Piau\\u00ed\",\"description\":\"\",\"potentialAction\":[{\"@type\":\"SearchAction\",\"target\":{\"@type\":\"EntryPoint\",\"urlTemplate\":\"https:\/\/www.paroquiavilaoperaria.org.br\/portal\/?s={search_term_string}\"},\"query-input\":\"required name=search_term_string\"}],\"inLanguage\":\"pt-BR\"},{\"@type\":\"ImageObject\",\"@id\":\"https:\/\/www.paroquiavilaoperaria.org.br\/portal\/a-paroquia\/historia\/#primaryimage\",\"inLanguage\":\"pt-BR\",\"url\":\"https:\/\/www.paroquiavilaoperaria.org.br\/portal\/wp-content\/uploads\/2017\/03\/vila_operaria1.jpg\",\"contentUrl\":\"https:\/\/www.paroquiavilaoperaria.org.br\/portal\/wp-content\/uploads\/2017\/03\/vila_operaria1.jpg\",\"width\":1548,\"height\":1037},{\"@type\":\"WebPage\",\"@id\":\"https:\/\/www.paroquiavilaoperaria.org.br\/portal\/a-paroquia\/historia\/#webpage\",\"url\":\"https:\/\/www.paroquiavilaoperaria.org.br\/portal\/a-paroquia\/historia\/\",\"name\":\"Nossa Hist\\u00f3ria - Par\\u00f3quia da Vila Oper\\u00e1ria - Teresina - Piau\\u00ed\",\"isPartOf\":{\"@id\":\"https:\/\/www.paroquiavilaoperaria.org.br\/portal\/#website\"},\"primaryImageOfPage\":{\"@id\":\"https:\/\/www.paroquiavilaoperaria.org.br\/portal\/a-paroquia\/historia\/#primaryimage\"},\"datePublished\":\"2017-03-10T10:29:48+00:00\",\"dateModified\":\"2017-03-13T15:25:11+00:00\",\"breadcrumb\":{\"@id\":\"https:\/\/www.paroquiavilaoperaria.org.br\/portal\/a-paroquia\/historia\/#breadcrumb\"},\"inLanguage\":\"pt-BR\",\"potentialAction\":[{\"@type\":\"ReadAction\",\"target\":[\"https:\/\/www.paroquiavilaoperaria.org.br\/portal\/a-paroquia\/historia\/\"]}]},{\"@type\":\"BreadcrumbList\",\"@id\":\"https:\/\/www.paroquiavilaoperaria.org.br\/portal\/a-paroquia\/historia\/#breadcrumb\",\"itemListElement\":[{\"@type\":\"ListItem\",\"position\":1,\"name\":\"In\\u00edcio\",\"item\":\"https:\/\/www.paroquiavilaoperaria.org.br\/portal\/\"},{\"@type\":\"ListItem\",\"position\":2,\"name\":\"A Par\\u00f3quia\",\"item\":\"https:\/\/www.paroquiavilaoperaria.org.br\/portal\/a-paroquia\/\"},{\"@type\":\"ListItem\",\"position\":3,\"name\":\"Nossa Hist\\u00f3ria\"}]}]}<\/script>\n<!-- \/ Yoast SEO plugin. -->","yoast_head_json":{"title":"Nossa Hist\u00f3ria - Par\u00f3quia da Vila Oper\u00e1ria - Teresina - Piau\u00ed","robots":{"index":"index","follow":"follow","max-snippet":"max-snippet:-1","max-image-preview":"max-image-preview:large","max-video-preview":"max-video-preview:-1"},"canonical":"https:\/\/www.paroquiavilaoperaria.org.br\/portal\/a-paroquia\/historia\/","og_locale":"pt_BR","og_type":"article","og_title":"Nossa Hist\u00f3ria - Par\u00f3quia da Vila Oper\u00e1ria - Teresina - Piau\u00ed","og_description":"A Par\u00f3quia de S\u00e3o Jos\u00e9 Oper\u00e1rio foi fundada em 1 de Maio de 1957. Pertencia ao territ\u00f3rio de Nossa Senhora do Amparo e foi elevada a categoria de Par\u00f3quia pela provis\u00e3o de Dom Avelar Brand\u00e3o Vilela. No dia 8 de Agosto de 1957 Pe. Francisco das Chagas Carvalho foi nomeado vig\u00e1rio na nova Par\u00f3quia, tomando &hellip;","og_url":"https:\/\/www.paroquiavilaoperaria.org.br\/portal\/a-paroquia\/historia\/","og_site_name":"Par\u00f3quia da Vila Oper\u00e1ria - Teresina - Piau\u00ed","article_publisher":"https:\/\/www.facebook.com\/Valdeci-Cavalcante-Advocacia-Assessoria-211334022240065\/","article_modified_time":"2017-03-13T15:25:11+00:00","og_image":[{"width":1548,"height":1037,"url":"https:\/\/www.paroquiavilaoperaria.org.br\/portal\/wp-content\/uploads\/2017\/03\/vila_operaria1.jpg","path":"\/home\/vila\/domains\/paroquiavilaoperaria.org.br\/public_html\/portal\/wp-content\/uploads\/2017\/03\/vila_operaria1.jpg","size":"full","id":808,"alt":"","pixels":1605276,"type":"image\/jpeg"}],"twitter_card":"summary","twitter_misc":{"Est. tempo de leitura":"1 minuto"},"schema":{"@context":"https:\/\/schema.org","@graph":[{"@type":"WebSite","@id":"https:\/\/www.paroquiavilaoperaria.org.br\/portal\/#website","url":"https:\/\/www.paroquiavilaoperaria.org.br\/portal\/","name":"Par\u00f3quia da Vila Oper\u00e1ria - Teresina - Piau\u00ed","description":"","potentialAction":[{"@type":"SearchAction","target":{"@type":"EntryPoint","urlTemplate":"https:\/\/www.paroquiavilaoperaria.org.br\/portal\/?s={search_term_string}"},"query-input":"required name=search_term_string"}],"inLanguage":"pt-BR"},{"@type":"ImageObject","@id":"https:\/\/www.paroquiavilaoperaria.org.br\/portal\/a-paroquia\/historia\/#primaryimage","inLanguage":"pt-BR","url":"https:\/\/www.paroquiavilaoperaria.org.br\/portal\/wp-content\/uploads\/2017\/03\/vila_operaria1.jpg","contentUrl":"https:\/\/www.paroquiavilaoperaria.org.br\/portal\/wp-content\/uploads\/2017\/03\/vila_operaria1.jpg","width":1548,"height":1037},{"@type":"WebPage","@id":"https:\/\/www.paroquiavilaoperaria.org.br\/portal\/a-paroquia\/historia\/#webpage","url":"https:\/\/www.paroquiavilaoperaria.org.br\/portal\/a-paroquia\/historia\/","name":"Nossa Hist\u00f3ria - Par\u00f3quia da Vila Oper\u00e1ria - Teresina - Piau\u00ed","isPartOf":{"@id":"https:\/\/www.paroquiavilaoperaria.org.br\/portal\/#website"},"primaryImageOfPage":{"@id":"https:\/\/www.paroquiavilaoperaria.org.br\/portal\/a-paroquia\/historia\/#primaryimage"},"datePublished":"2017-03-10T10:29:48+00:00","dateModified":"2017-03-13T15:25:11+00:00","breadcrumb":{"@id":"https:\/\/www.paroquiavilaoperaria.org.br\/portal\/a-paroquia\/historia\/#breadcrumb"},"inLanguage":"pt-BR","potentialAction":[{"@type":"ReadAction","target":["https:\/\/www.paroquiavilaoperaria.org.br\/portal\/a-paroquia\/historia\/"]}]},{"@type":"BreadcrumbList","@id":"https:\/\/www.paroquiavilaoperaria.org.br\/portal\/a-paroquia\/historia\/#breadcrumb","itemListElement":[{"@type":"ListItem","position":1,"name":"In\u00edcio","item":"https:\/\/www.paroquiavilaoperaria.org.br\/portal\/"},{"@type":"ListItem","position":2,"name":"A Par\u00f3quia","item":"https:\/\/www.paroquiavilaoperaria.org.br\/portal\/a-paroquia\/"},{"@type":"ListItem","position":3,"name":"Nossa Hist\u00f3ria"}]}]}},"_links":{"self":[{"href":"https:\/\/www.paroquiavilaoperaria.org.br\/portal\/wp-json\/wp\/v2\/pages\/742"}],"collection":[{"href":"https:\/\/www.paroquiavilaoperaria.org.br\/portal\/wp-json\/wp\/v2\/pages"}],"about":[{"href":"https:\/\/www.paroquiavilaoperaria.org.br\/portal\/wp-json\/wp\/v2\/types\/page"}],"author":[{"embeddable":true,"href":"https:\/\/www.paroquiavilaoperaria.org.br\/portal\/wp-json\/wp\/v2\/users\/1"}],"replies":[{"embeddable":true,"href":"https:\/\/www.paroquiavilaoperaria.org.br\/portal\/wp-json\/wp\/v2\/comments?post=742"}],"version-history":[{"count":4,"href":"https:\/\/www.paroquiavilaoperaria.org.br\/portal\/wp-json\/wp\/v2\/pages\/742\/revisions"}],"predecessor-version":[{"id":910,"href":"https:\/\/www.paroquiavilaoperaria.org.br\/portal\/wp-json\/wp\/v2\/pages\/742\/revisions\/910"}],"up":[{"embeddable":true,"href":"https:\/\/www.paroquiavilaoperaria.org.br\/portal\/wp-json\/wp\/v2\/pages\/740"}],"wp:featuredmedia":[{"embeddable":true,"href":"https:\/\/www.paroquiavilaoperaria.org.br\/portal\/wp-json\/wp\/v2\/media\/808"}],"wp:attachment":[{"href":"https:\/\/www.paroquiavilaoperaria.org.br\/portal\/wp-json\/wp\/v2\/media?parent=742"}],"curies":[{"name":"wp","href":"https:\/\/api.w.org\/{rel}","templated":true}]}}

Nossa História

<p style="text-align: justify;">A Paróquia de São José Operário foi fundada em 1 de Maio de 1957. Pertencia ao território de Nossa Senhora do Amparo e foi elevada a categoria de Paróquia pela provisão de Dom Avelar Brandão Vilela.</p>
<p style="text-align: justify;">No dia 8 de Agosto de 1957 Pe. Francisco das Chagas Carvalho foi nomeado vigário na nova Paróquia, tomando posse no dia 11 do mesmo mês.</p>
<p style="text-align: justify;"><img loading="lazy" decoding="async" class="alignleft size-full wp-image-906" src="http://www.paroquiavilaoperaria.org.br/portal/wp-content/uploads/2017/03/igreja-na-decada-de-60.jpg" alt="" width="912" height="600" srcset="https://www.paroquiavilaoperaria.org.br/portal/wp-content/uploads/2017/03/igreja-na-decada-de-60.jpg 912w, https://www.paroquiavilaoperaria.org.br/portal/wp-content/uploads/2017/03/igreja-na-decada-de-60-300x197.jpg 300w, https://www.paroquiavilaoperaria.org.br/portal/wp-content/uploads/2017/03/igreja-na-decada-de-60-768x505.jpg 768w" sizes="(max-width: 912px) 100vw, 912px" /></p>
<p style="text-align: justify;">No dia 19 de Maio de 1959 os Missionários Redentoristas vieram pregar as Santas Missões Populares na Paróquia de São José Operário.Notou-se que em todos os setores o movimento foi extraordinário,mas na Matriz superou a tudo o que se podia esperar.</p>
<p style="text-align: justify;">Em 1960 os Missionários Redentoristas Americanos assumiram a Paróquia de São José Operário, passando a continuidade da missão aos Redentoristas da Vice-Província de Fortaleza no ano de 1964.</p>

<p>A Paróquia de São José Operário foi fundada em 1 de Maio de 1957. Pertencia ao território de Nossa Senhora do Amparo e foi elevada a categoria de Paróquia pela provisão de Dom Avelar Brandão Vilela. No dia 8 de Agosto de 1957 Pe. Francisco das Chagas Carvalho foi nomeado vigário na nova Paróquia, tomando &hellip;</p>

<!-- This site is optimized with the Yoast SEO plugin v16.9 - https://yoast.com/wordpress/plugins/seo/ -->
<title>Nossa História - Paróquia da Vila Operária - Teresina - Piauí</title>
<meta name="robots" content="index, follow, max-snippet:-1, max-image-preview:large, max-video-preview:-1" />
<link rel="canonical" href="https://www.paroquiavilaoperaria.org.br/portal/a-paroquia/historia/" />
<meta property="og:locale" content="pt_BR" />
<meta property="og:type" content="article" />
<meta property="og:title" content="Nossa História - Paróquia da Vila Operária - Teresina - Piauí" />
<meta property="og:description" content="A Paróquia de São José Operário foi fundada em 1 de Maio de 1957. Pertencia ao território de Nossa Senhora do Amparo e foi elevada a categoria de Paróquia pela provisão de Dom Avelar Brandão Vilela. No dia 8 de Agosto de 1957 Pe. Francisco das Chagas Carvalho foi nomeado vigário na nova Paróquia, tomando &hellip;" />
<meta property="og:url" content="https://www.paroquiavilaoperaria.org.br/portal/a-paroquia/historia/" />
<meta property="og:site_name" content="Paróquia da Vila Operária - Teresina - Piauí" />
<meta property="article:publisher" content="https://www.facebook.com/Valdeci-Cavalcante-Advocacia-Assessoria-211334022240065/" />
<meta property="article:modified_time" content="2017-03-13T15:25:11+00:00" />
<meta property="og:image" content="https://www.paroquiavilaoperaria.org.br/portal/wp-content/uploads/2017/03/vila_operaria1.jpg" />
	<meta property="og:image:width" content="1548" />
	<meta property="og:image:height" content="1037" />
<meta name="twitter:card" content="summary" />
<meta name="twitter:label1" content="Est. tempo de leitura" />
	<meta name="twitter:data1" content="1 minuto" />
<script type="application/ld+json" class="yoast-schema-graph">{"@context":"https://schema.org","@graph":[{"@type":"WebSite","@id":"https://www.paroquiavilaoperaria.org.br/portal/#website","url":"https://www.paroquiavilaoperaria.org.br/portal/","name":"Par\u00f3quia da Vila Oper\u00e1ria - Teresina - Piau\u00ed","description":"","potentialAction":[{"@type":"SearchAction","target":{"@type":"EntryPoint","urlTemplate":"https://www.paroquiavilaoperaria.org.br/portal/?s={search_term_string}"},"query-input":"required name=search_term_string"}],"inLanguage":"pt-BR"},{"@type":"ImageObject","@id":"https://www.paroquiavilaoperaria.org.br/portal/a-paroquia/historia/#primaryimage","inLanguage":"pt-BR","url":"https://www.paroquiavilaoperaria.org.br/portal/wp-content/uploads/2017/03/vila_operaria1.jpg","contentUrl":"https://www.paroquiavilaoperaria.org.br/portal/wp-content/uploads/2017/03/vila_operaria1.jpg","width":1548,"height":1037},{"@type":"WebPage","@id":"https://www.paroquiavilaoperaria.org.br/portal/a-paroquia/historia/#webpage","url":"https://www.paroquiavilaoperaria.org.br/portal/a-paroquia/historia/","name":"Nossa Hist\u00f3ria - Par\u00f3quia da Vila Oper\u00e1ria - Teresina - Piau\u00ed","isPartOf":{"@id":"https://www.paroquiavilaoperaria.org.br/portal/#website"},"primaryImageOfPage":{"@id":"https://www.paroquiavilaoperaria.org.br/portal/a-paroquia/historia/#primaryimage"},"datePublished":"2017-03-10T10:29:48+00:00","dateModified":"2017-03-13T15:25:11+00:00","breadcrumb":{"@id":"https://www.paroquiavilaoperaria.org.br/portal/a-paroquia/historia/#breadcrumb"},"inLanguage":"pt-BR","potentialAction":[{"@type":"ReadAction","target":["https://www.paroquiavilaoperaria.org.br/portal/a-paroquia/historia/"]}]},{"@type":"BreadcrumbList","@id":"https://www.paroquiavilaoperaria.org.br/portal/a-paroquia/historia/#breadcrumb","itemListElement":[{"@type":"ListItem","position":1,"name":"In\u00edcio","item":"https://www.paroquiavilaoperaria.org.br/portal/"},{"@type":"ListItem","position":2,"name":"A Par\u00f3quia","item":"https://www.paroquiavilaoperaria.org.br/portal/a-paroquia/"},{"@type":"ListItem","position":3,"name":"Nossa Hist\u00f3ria"}]}]}</script>
<!-- / Yoast SEO plugin. -->

Nossa História - Paróquia da Vila Operária - Teresina - Piauí

A Paróquia de São José Operário foi fundada em 1 de Maio de 1957. Pertencia ao território de Nossa Senhora do Amparo e foi elevada a categoria de Paróquia pela provisão de Dom Avelar Brandão Vilela. No dia 8 de Agosto de 1957 Pe. Francisco das Chagas Carvalho foi nomeado vigário na nova Paróquia, tomando &hellip;

Paróquia da Vila Operária - Teresina - Piauí

Início

A Paróquia
