{"id":454,"date":"2015-06-24T07:37:48","date_gmt":"2015-06-24T07:37:48","guid":{"rendered":"http:\/\/xml-io.proteusthemes.com\/legalpress\/?page_id=5"},"modified":"2018-09-27T15:31:23","modified_gmt":"2018-09-27T18:31:23","slug":"home","status":"publish","type":"page","link":"https:\/\/www.paroquiavilaoperaria.org.br\/portal\/","title":{"rendered":"Home"},"content":{"rendered":"<div id=\"pl-454\"  class=\"panel-layout\" ><div id=\"pg-454-0\"  class=\"panel-grid panel-no-style\" ><div id=\"pgc-454-0-0\"  class=\"panel-grid-cell\" ><div id=\"panel-454-0-0-0\" class=\"so-panel widget widget_black-studio-tinymce widget_black_studio_tinymce panel-first-child panel-last-child\" data-index=\"0\" ><h3 class=\"widget-title\"><span class=\"widget-title__inline\">A Par\u00f3quia de S\u00e3o Jos\u00e9 Oper\u00e1rio<\/span><\/h3><div class=\"textwidget\"><p style=\"text-align: justify;\">A Par\u00f3quia de S\u00e3o Jos\u00e9 Oper\u00e1rio foi fundada em 1 de Maio de 1957. \u00a0Sua <a title=\"Hist\u00f3ria\" href=\"http:\/\/www.paroquiavilaoperaria.org.br\/a-paroquia\/historia\/\" target=\"_blank\">hist\u00f3ria<\/a> \u00e9 de muita f\u00e9 e devo\u00e7\u00e3o. Com um territ\u00f3rio Paroquial que abrange 6 comunidades no entorno da Igreja Matriz, na Vila Oper\u00e1ria, a Par\u00f3quia de S\u00e3o Jos\u00e9 Oper\u00e1rio \u00e9 administrada pelos padres Redentoristas.<\/p>\n<p style=\"text-align: justify;\">Em sua estrutura, al\u00e9m das 5 capelas instaladas nas comunidades e da Igreja Matriz , tamb\u00e9m est\u00e1 o Centro de Forma\u00e7\u00e3o S\u00e3o Jos\u00e9 Oper\u00e1rio e a Casa Paroquial que abriga os mission\u00e1rios redentoristas.\u00a0<strong><em>S\u00e3o Jos\u00e9 Oper\u00e1rio, rogai por n\u00f3s!<\/em><\/strong><\/p>\n<p><strong><a class=\"more-link\" href=\"http:\/\/www.paroquiavilaoperaria.org.br\/portal\/a-paroquia\/historia\/\">Conhe\u00e7a nossa Hist\u00f3ria<\/a><\/strong><\/p>\n<\/div><\/div><\/div><div id=\"pgc-454-0-1\"  class=\"panel-grid-cell\" ><div id=\"panel-454-0-1-0\" class=\"so-panel widget widget_pw_featured_page widget-featured-page panel-first-child panel-last-child\" data-index=\"1\" >\n\n\t<div class=\"page-box  page-box--block\">\n\t\t\t<a class=\"page-box__picture\" href=\"https:\/\/www.paroquiavilaoperaria.org.br\/portal\/a-paroquia\/historia\/\"><img loading=\"lazy\" decoding=\"async\" src=\"https:\/\/www.paroquiavilaoperaria.org.br\/portal\/wp-content\/uploads\/2017\/03\/vila_operaria1-360x240.jpg\" width=\"360\" height=\"240\" srcset=\"https:\/\/www.paroquiavilaoperaria.org.br\/portal\/wp-content\/uploads\/2017\/03\/vila_operaria1-360x240.jpg 360w, https:\/\/www.paroquiavilaoperaria.org.br\/portal\/wp-content\/uploads\/2017\/03\/vila_operaria1.jpg 1548w\" sizes=\"(min-width: 992px) 360px, calc(100vw - 30px)\" class=\"wp-post-image\" alt=\"Nossa Hist\u00f3ria\"><\/a>\n\t\t<div class=\"page-box__content\">\n\t\t\t<h5 class=\"page-box__title\"><a href=\"https:\/\/www.paroquiavilaoperaria.org.br\/portal\/a-paroquia\/historia\/\">Nossa Hist\u00f3ria<\/a><\/h5>\n\t\t\t<p>A Par\u00f3quia de S\u00e3o Jos\u00e9 Oper\u00e1rio foi fundada em 1 de Maio de 1957. Pertencia ao territ\u00f3rio de Nossa Senhora do Amparo e foi elevada a categoria de Par\u00f3quia pela provis\u00e3o de Dom Avelar Brand\u00e3o Vilela. &lt;p &hellip;<\/p>\n\t\t<\/div>\n\t<\/div>\n\n<\/div><\/div><div id=\"pgc-454-0-2\"  class=\"panel-grid-cell\" ><div id=\"panel-454-0-2-0\" class=\"so-panel widget widget_pw_featured_page widget-featured-page panel-first-child panel-last-child\" data-index=\"2\" >\n\n\t<div class=\"page-box  page-box--block\">\n\t\t\t<a class=\"page-box__picture\" href=\"https:\/\/www.paroquiavilaoperaria.org.br\/portal\/novena-perpetua\/\"><img loading=\"lazy\" decoding=\"async\" src=\"https:\/\/www.paroquiavilaoperaria.org.br\/portal\/wp-content\/uploads\/2023\/03\/geral-360x240.png\" width=\"360\" height=\"240\" srcset=\"https:\/\/www.paroquiavilaoperaria.org.br\/portal\/wp-content\/uploads\/2023\/03\/geral-360x240.png 360w, https:\/\/www.paroquiavilaoperaria.org.br\/portal\/wp-content\/uploads\/2023\/03\/geral.png 1080w\" sizes=\"(min-width: 992px) 360px, calc(100vw - 30px)\" class=\"wp-post-image\" alt=\"Novena Perp\u00e9tua\"><\/a>\n\t\t<div class=\"page-box__content\">\n\t\t\t<h5 class=\"page-box__title\"><a href=\"https:\/\/www.paroquiavilaoperaria.org.br\/portal\/novena-perpetua\/\">Novena Perp\u00e9tua<\/a><\/h5>\n\t\t\t<p>Acompanhe AO VIVO na TV Par\u00f3quia, a transmiss\u00e3o das missas da Igreja Matriz de &hellip;<\/p>\n\t\t<\/div>\n\t<\/div>\n\n<\/div><\/div><div id=\"pgc-454-0-3\"  class=\"panel-grid-cell\" ><div id=\"panel-454-0-3-0\" class=\"so-panel widget widget_pw_featured_page widget-featured-page panel-first-child panel-last-child\" data-index=\"3\" >\n\n\t<div class=\"page-box  page-box--block\">\n\t\t\t<a class=\"page-box__picture\" href=\"https:\/\/www.paroquiavilaoperaria.org.br\/portal\/a-paroquia\/quem-somos\/\"><img loading=\"lazy\" decoding=\"async\" src=\"https:\/\/www.paroquiavilaoperaria.org.br\/portal\/wp-content\/uploads\/2015\/07\/quem_somos.jpg\" width=\"360\" height=\"240\" srcset=\"https:\/\/www.paroquiavilaoperaria.org.br\/portal\/wp-content\/uploads\/2015\/07\/quem_somos.jpg 360w, https:\/\/www.paroquiavilaoperaria.org.br\/portal\/wp-content\/uploads\/2015\/07\/quem_somos.jpg 360w\" sizes=\"(min-width: 992px) 360px, calc(100vw - 30px)\" class=\"wp-post-image\" alt=\"Quem Somos\"><\/a>\n\t\t<div class=\"page-box__content\">\n\t\t\t<h5 class=\"page-box__title\"><a href=\"https:\/\/www.paroquiavilaoperaria.org.br\/portal\/a-paroquia\/quem-somos\/\">Quem Somos<\/a><\/h5>\n\t\t\t<p>A Par\u00f3quia de S\u00e3o Jos\u00e9 Oper\u00e1rio foi fundada em 1 de Maio de 1957. Sua hist\u00f3ria \u00e9 de muita f\u00e9 e devo\u00e7\u00e3o. Com um territ\u00f3rio Paroquial que abrange 6 comunidades no entorno da Igreja Matriz<\/p>\n\t\t<\/div>\n\t<\/div>\n\n<\/div><\/div><\/div><div id=\"pg-454-1\"  class=\"panel-grid panel-has-style\" ><div class=\"siteorigin-panels-stretch panel-row-style panel-row-style-for-454-1\" data-stretch-type=\"full\" ><div id=\"pgc-454-1-0\"  class=\"panel-grid-cell\" ><div id=\"panel-454-1-0-0\" class=\"so-panel widget widget_pw_call_to_action widget-call-to-action panel-first-child panel-last-child\" data-index=\"4\" >\t\t\t\t<div class=\"call-to-action\">\n\t\t\t\t\t<div class=\"call-to-action__text\">\n\t\t\t\t\t\t<div class=\"call-to-action__title\">\n\t\t\t\t\t\t\tContribua com Nossa Par\u00f3quia\t\t\t\t\t\t<\/div>\n\t\t\t\t\t\t<div class=\"call-to-action__subtitle\">\n\t\t\t\t\t\t\tFa\u00e7a a sua contribui\u00e7\u00e3o para a Par\u00f3quia de S\u00e3o Jos\u00e9 Oper\u00e1rio\t\t\t\t\t\t<\/div>\n\t\t\t\t\t<\/div>\n\t\t\t\t\t<div class=\"call-to-action__button\">\n\t\t\t\t\t\t<a class=\"btn    btn-primary\" href=\"http:\/\/www.paroquiavilaoperaria.org.br\/portal\/a-paroquia\/quem-somos-2\/faca-sua-doacao\" target=\"_self\">FA\u00c7A SUA CONTRIBUI\u00c7\u00c3O<\/a>\t\t\t\t\t<\/div>\n\t\t\t\t<\/div>\n\t\t\t<\/div><\/div><\/div><\/div><div id=\"pg-454-2\"  class=\"panel-grid panel-no-style\" ><div id=\"pgc-454-2-0\"  class=\"panel-grid-cell\" ><div id=\"panel-454-2-0-0\" class=\"so-panel widget widget_black-studio-tinymce widget_black_studio_tinymce panel-first-child panel-last-child\" data-index=\"5\" ><div class=\"widget-title--big panel-widget-style panel-widget-style-for-454-2-0-0\" ><h3 class=\"widget-title\"><span class=\"widget-title__inline\">Informa\u00e7\u00f5es e Atendimento<\/span><\/h3><div class=\"textwidget\"><\/div><\/div><\/div><\/div><\/div><div id=\"pg-454-3\"  class=\"panel-grid panel-no-style\" ><div id=\"pgc-454-3-0\"  class=\"panel-grid-cell\" ><div id=\"panel-454-3-0-0\" class=\"so-panel widget widget_pw_icon_box widget-icon-box panel-first-child\" data-index=\"6\" >\n\n\t\t<a class=\"icon-box\" href=\"http:\/\/www.paroquiavilaoperaria.org.br\/portal\/atendimento\/secretaria-paroquial\/\" target=\"_self\">\n\n\t\t<i class=\"fa  fa-chevron-circle-right  fa-3x\"><\/i>\n\t\t<div class=\"icon-box__text\">\n\t\t\t<h4 class=\"icon-box__title\">Secretaria Paroquial<\/h4>\n\t\t\t<span class=\"icon-box__subtitle\">Tenhas as informa\u00e7\u00f5es a respeito de nossos atendimentos<\/span>\n\t\t<\/div>\n\n\t\t<\/a>\n\n<\/div><div id=\"panel-454-3-0-1\" class=\"so-panel widget widget_pw_icon_box widget-icon-box panel-last-child\" data-index=\"7\" >\n\n\t\t<a class=\"icon-box\" href=\"http:\/\/www.paroquiavilaoperaria.org.br\/portal\/atendimento\/missas\/\" target=\"_self\">\n\n\t\t<i class=\"fa  fa-chevron-circle-down  fa-3x\"><\/i>\n\t\t<div class=\"icon-box__text\">\n\t\t\t<h4 class=\"icon-box__title\">Hor\u00e1rios de Missas<\/h4>\n\t\t\t<span class=\"icon-box__subtitle\">Confira os nossos hor\u00e1rios de celebra\u00e7\u00f5es<\/span>\n\t\t<\/div>\n\n\t\t<\/a>\n\n<\/div><\/div><div id=\"pgc-454-3-1\"  class=\"panel-grid-cell\" ><div id=\"panel-454-3-1-0\" class=\"so-panel widget widget_pw_icon_box widget-icon-box panel-first-child\" data-index=\"8\" >\n\n\t\t<a class=\"icon-box\" href=\"#\" target=\"_self\">\n\n\t\t<i class=\"fa  fa-check-circle-o  fa-3x\"><\/i>\n\t\t<div class=\"icon-box__text\">\n\t\t\t<h4 class=\"icon-box__title\">Agenda de Eventos<\/h4>\n\t\t\t<span class=\"icon-box__subtitle\">Acompanhe as datas de nossos eventos e fique bem informado<\/span>\n\t\t<\/div>\n\n\t\t<\/a>\n\n<\/div><div id=\"panel-454-3-1-1\" class=\"so-panel widget widget_pw_icon_box widget-icon-box panel-last-child\" data-index=\"9\" >\n\n\t\t<a class=\"icon-box\" href=\"http:\/\/www.paroquiavilaoperaria.org.br\/portal\/novena-perpetua\/horarios\/\" target=\"_self\">\n\n\t\t<i class=\"fa  fa-chevron-circle-down  fa-3x\"><\/i>\n\t\t<div class=\"icon-box__text\">\n\t\t\t<h4 class=\"icon-box__title\">Novena Perp\u00e9tua<\/h4>\n\t\t\t<span class=\"icon-box__subtitle\">Confira os hor\u00e1rios da Novena a Nossa Senhora do Perp\u00e9tuo Socorro<\/span>\n\t\t<\/div>\n\n\t\t<\/a>\n\n<\/div><\/div><div id=\"pgc-454-3-2\"  class=\"panel-grid-cell\" ><div id=\"panel-454-3-2-0\" class=\"so-panel widget widget_pw_icon_box widget-icon-box panel-first-child\" data-index=\"10\" >\n\n\t\t<a class=\"icon-box\" href=\"http:\/\/www.paroquiavilaoperaria.org.br\/portal\/contato\/\" target=\"_self\">\n\n\t\t<i class=\"fa  fa-check-circle-o  fa-3x\"><\/i>\n\t\t<div class=\"icon-box__text\">\n\t\t\t<h4 class=\"icon-box__title\">Pedidos de Ora\u00e7\u00e3o<\/h4>\n\t\t\t<span class=\"icon-box__subtitle\">Fa\u00e7a seu pedido de Ora\u00e7\u00e3o.<\/span>\n\t\t<\/div>\n\n\t\t<\/a>\n\n<\/div><div id=\"panel-454-3-2-1\" class=\"so-panel widget widget_pw_icon_box widget-icon-box panel-last-child\" data-index=\"11\" >\n\n\t\t<a class=\"icon-box\" href=\"http:\/\/www.paroquiavilaoperaria.org.br\/portal\/tv-paroquia\/\" target=\"_self\">\n\n\t\t<i class=\"fa  fa-university  fa-3x\"><\/i>\n\t\t<div class=\"icon-box__text\">\n\t\t\t<h4 class=\"icon-box__title\">R\u00e1dio e TV Novena<\/h4>\n\t\t\t<span class=\"icon-box__subtitle\">Acompanhe as transmiss\u00f5es ao vivo das novenas de Nossa Senhora do Perp\u00e9tuo Socorro<\/span>\n\t\t<\/div>\n\n\t\t<\/a>\n\n<\/div><\/div><\/div><div id=\"pg-454-4\"  class=\"panel-grid panel-no-style\" ><div id=\"pgc-454-4-0\"  class=\"panel-grid-cell\" ><div id=\"panel-454-4-0-0\" class=\"so-panel widget widget_black-studio-tinymce widget_black_studio_tinymce panel-first-child panel-last-child\" data-index=\"12\" ><div class=\"widget-title--big panel-widget-style panel-widget-style-for-454-4-0-0\" ><h3 class=\"widget-title\"><span class=\"widget-title__inline\">Not\u00edcias da Par\u00f3quia<\/span><\/h3><div class=\"textwidget\"><\/div><\/div><\/div><\/div><\/div><div id=\"pg-454-5\"  class=\"panel-grid panel-no-style\" ><div id=\"pgc-454-5-0\"  class=\"panel-grid-cell\" ><div id=\"panel-454-5-0-0\" class=\"so-panel widget widget_pw_latest_news widget-latest-news panel-first-child panel-last-child\" data-index=\"13\" >\n\n\t\t\t<div class=\"latest-news  latest-news--block\">\n\t\t\t\t<div class=\"latest-news__date\">\n\t\t\t\t\t25. fev\n\t\t\t\t<\/div>\n\n\t\t\t\t<div class=\"latest-news__content\">\n\t\t\t\t\t<h4 class=\"latest-news__title\"><a href=\"https:\/\/www.paroquiavilaoperaria.org.br\/portal\/a-palavra-de-deus-na-fala-e-na-voz-do-sacerdote-uma-reflexao-acerca-da-homilia\/\">A PALAVRA DE DEUS NA FALA E NA VOZ DO SACERDOTE: uma reflex\u00e3o acerca da homilia<\/a><\/h4>\n\t\t\t\t\t<div class=\"latest-news__excerpt\">\n\t\t\t\t\t\tESCOLA ARQUIDIOCESANA DE LITURGIA MONS. LU\u00cdS SOARES DE MELO \u00a0SONIA MARIA GOMES LIMA A PALAVRA DE DEUS NA FALA E NA VOZ DO SACERDOTE: uma reflex\u00e3o acerca da homilia &nbsp; Trabalho de Conclus\u00e3o de Curso apresentado como requisito parcial \u00e0 obten\u00e7\u00e3o do t\u00edtulo especialista em Liturgia. &nbsp; &nbsp; &nbsp; &nbsp; \u00a0 \u00a0 \u00a0 \u00a0 \u00a0 &hellip;\n\t\t\t\t\t<\/div>\n\t\t\t\t<\/div>\n\t\t\t<\/div>\n\n\n<\/div><\/div><div id=\"pgc-454-5-1\"  class=\"panel-grid-cell\" ><div id=\"panel-454-5-1-0\" class=\"so-panel widget widget_pw_latest_news widget-latest-news panel-first-child panel-last-child\" data-index=\"14\" >\n\n\t\t\t<div class=\"latest-news  latest-news--block\">\n\t\t\t\t<div class=\"latest-news__date\">\n\t\t\t\t\t11. nov\n\t\t\t\t<\/div>\n\n\t\t\t\t<div class=\"latest-news__content\">\n\t\t\t\t\t<h4 class=\"latest-news__title\"><a href=\"https:\/\/www.paroquiavilaoperaria.org.br\/portal\/ao-alertar-para-a-tentacao-da-hipocrisia-papa-exorta-a-fazermos-o-bem-sem-aparecer\/\">Ao alertar para a tenta\u00e7\u00e3o da hipocrisia, Papa exorta a fazermos o bem sem aparecer<\/a><\/h4>\n\t\t\t\t\t<div class=\"latest-news__excerpt\">\n\t\t\t\t\t\tQue a Virgem Maria nos ajude a combater a tenta\u00e7\u00e3o da hipocrisia dentro de n\u00f3s mesmos \u2013 Jesus diz a eles: \u201cHip\u00f3critas\u201d, \u00e9 uma grande tenta\u00e7\u00e3o a hipocrisia -, e nos ajude a fazer o bem sem aparecer e a faz\u00ea-lo com simplicidade. Queridos irm\u00e3os e irm\u00e3s, bom domingo! Hoje o Evangelho da liturgia (cfr. &hellip;\n\t\t\t\t\t<\/div>\n\t\t\t\t<\/div>\n\t\t\t<\/div>\n\n\n<\/div><\/div><div id=\"pgc-454-5-2\"  class=\"panel-grid-cell\" ><div id=\"panel-454-5-2-0\" class=\"so-panel widget widget_pw_latest_news widget-latest-news panel-first-child panel-last-child\" data-index=\"15\" >\n\n\n\t\t<div class=\"latest-news__container\">\n\t\t\t\t<a href=\"https:\/\/www.paroquiavilaoperaria.org.br\/portal\/estao-abertas-as-inscricoes-para-o-curso-de-formacao-para-noivos\/\" class=\"latest-news  latest-news--inline\">\n\t\t\t\t\t<div class=\"latest-news__content\">\n\t\t\t\t\t\t<h4 class=\"latest-news__title\">Est\u00e3o abertas as inscri\u00e7\u00f5es para o curso de forma\u00e7\u00e3o para noivos<\/h4>\n\t\t\t\t\t\t\t<div class=\"latest-news__full-date\">\n\t\t\t\t\t\t\t\t03\/08\/2024\n\t\t\t\t\t\t\t<\/div>\n\t\t\t\t\t<\/div>\n\t\t\t\t<\/a>\n\t\t\t\t<a href=\"https:\/\/www.paroquiavilaoperaria.org.br\/portal\/infancia-e-adolescencia-missionaria-lanca-cartaz-oficial-de-sua-jornada-nacional-que-se-realizara-dia-26-de-maio\/\" class=\"latest-news  latest-news--inline\">\n\t\t\t\t\t<div class=\"latest-news__content\">\n\t\t\t\t\t\t<h4 class=\"latest-news__title\">INF\u00c2NCIA E ADOLESC\u00caNCIA MISSION\u00c1RIA LAN\u00c7A CARTAZ OFICIAL DE SUA JORNADA NACIONAL QUE SE REALIZAR\u00c1 DIA 26 DE MAIO<\/h4>\n\t\t\t\t\t\t\t<div class=\"latest-news__full-date\">\n\t\t\t\t\t\t\t\t24\/02\/2024\n\t\t\t\t\t\t\t<\/div>\n\t\t\t\t\t<\/div>\n\t\t\t\t<\/a>\n\t\t\t\t<a href=\"https:\/\/www.paroquiavilaoperaria.org.br\/portal\/confira-os-horarios-das-missas-da-quarta-feira-de-cinzas\/\" class=\"latest-news  latest-news--inline\">\n\t\t\t\t\t<div class=\"latest-news__content\">\n\t\t\t\t\t\t<h4 class=\"latest-news__title\">Confira os hor\u00e1rios das missas da Quarta-feira de Cinzas<\/h4>\n\t\t\t\t\t\t\t<div class=\"latest-news__full-date\">\n\t\t\t\t\t\t\t\t13\/02\/2024\n\t\t\t\t\t\t\t<\/div>\n\t\t\t\t\t<\/div>\n\t\t\t\t<\/a>\n\n\t\t<\/div>\n\n<\/div><\/div><\/div><div id=\"pg-454-6\"  class=\"panel-grid panel-no-style\" ><div id=\"pgc-454-6-0\"  class=\"panel-grid-cell panel-grid-cell-empty\" ><\/div><\/div><div id=\"pg-454-7\"  class=\"panel-grid panel-has-style\" ><div class=\"siteorigin-panels-stretch panel-row-style panel-row-style-for-454-7\" data-stretch-type=\"full\" ><div id=\"pgc-454-7-0\"  class=\"panel-grid-cell panel-grid-cell-empty\" ><\/div><div id=\"pgc-454-7-1\"  class=\"panel-grid-cell panel-grid-cell-empty panel-grid-cell-mobile-last\" ><\/div><div id=\"pgc-454-7-2\"  class=\"panel-grid-cell panel-grid-cell-empty\" ><\/div><\/div><\/div><\/div>","protected":false},"excerpt":{"rendered":"<p>A Par\u00f3quia de S\u00e3o Jos\u00e9 Oper\u00e1rio foi fundada em 1 de Maio de 1957. \u00a0Sua hist\u00f3ria \u00e9 de muita f\u00e9 e devo\u00e7\u00e3o. Com um territ\u00f3rio Paroquial que abrange 6 comunidades no entorno da Igreja Matriz, na Vila Oper\u00e1ria, a Par\u00f3quia de S\u00e3o Jos\u00e9 Oper\u00e1rio \u00e9 administrada pelos padres Redentoristas.Em sua estrutura, al\u00e9m das 5 capelas &hellip;<\/p>\n","protected":false},"author":1,"featured_media":820,"parent":0,"menu_order":0,"comment_status":"closed","ping_status":"open","template":"template-front-page-slider.php","meta":{"_acf_changed":false,"footnotes":""},"acf":[],"yoast_head":"<!-- This site is optimized with the Yoast SEO plugin v16.9 - https:\/\/yoast.com\/wordpress\/plugins\/seo\/ -->\n<title>Home - Par\u00f3quia da Vila Oper\u00e1ria - Teresina - Piau\u00ed<\/title>\n<meta name=\"robots\" content=\"index, follow, max-snippet:-1, max-image-preview:large, max-video-preview:-1\" \/>\n<link rel=\"canonical\" href=\"https:\/\/www.paroquiavilaoperaria.org.br\/portal\/\" \/>\n<meta property=\"og:locale\" content=\"pt_BR\" \/>\n<meta property=\"og:type\" content=\"article\" \/>\n<meta property=\"og:title\" content=\"Home - Par\u00f3quia da Vila Oper\u00e1ria - Teresina - Piau\u00ed\" \/>\n<meta property=\"og:description\" content=\"A Par\u00f3quia de S\u00e3o Jos\u00e9 Oper\u00e1rio foi fundada em 1 de Maio de 1957. \u00a0Sua hist\u00f3ria \u00e9 de muita f\u00e9 e devo\u00e7\u00e3o. Com um territ\u00f3rio Paroquial que abrange 6 comunidades no entorno da Igreja Matriz, na Vila Oper\u00e1ria, a Par\u00f3quia de S\u00e3o Jos\u00e9 Oper\u00e1rio \u00e9 administrada pelos padres Redentoristas.Em sua estrutura, al\u00e9m das 5 capelas &hellip;\" \/>\n<meta property=\"og:url\" content=\"https:\/\/www.paroquiavilaoperaria.org.br\/portal\/\" \/>\n<meta property=\"og:site_name\" content=\"Par\u00f3quia da Vila Oper\u00e1ria - Teresina - Piau\u00ed\" \/>\n<meta property=\"article:publisher\" content=\"https:\/\/www.facebook.com\/Valdeci-Cavalcante-Advocacia-Assessoria-211334022240065\/\" \/>\n<meta property=\"article:modified_time\" content=\"2018-09-27T18:31:23+00:00\" \/>\n<meta property=\"og:image\" content=\"https:\/\/www.paroquiavilaoperaria.org.br\/portal\/wp-content\/uploads\/2015\/07\/quem_somos.jpg\" \/>\n\t<meta property=\"og:image:width\" content=\"360\" \/>\n\t<meta property=\"og:image:height\" content=\"240\" \/>\n<meta name=\"twitter:card\" content=\"summary\" \/>\n<meta name=\"twitter:label1\" content=\"Est. tempo de leitura\" \/>\n\t<meta name=\"twitter:data1\" content=\"1 minuto\" \/>\n<script type=\"application\/ld+json\" class=\"yoast-schema-graph\">{\"@context\":\"https:\/\/schema.org\",\"@graph\":[{\"@type\":\"WebSite\",\"@id\":\"https:\/\/www.paroquiavilaoperaria.org.br\/portal\/#website\",\"url\":\"https:\/\/www.paroquiavilaoperaria.org.br\/portal\/\",\"name\":\"Par\\u00f3quia da Vila Oper\\u00e1ria - Teresina - Piau\\u00ed\",\"description\":\"\",\"potentialAction\":[{\"@type\":\"SearchAction\",\"target\":{\"@type\":\"EntryPoint\",\"urlTemplate\":\"https:\/\/www.paroquiavilaoperaria.org.br\/portal\/?s={search_term_string}\"},\"query-input\":\"required name=search_term_string\"}],\"inLanguage\":\"pt-BR\"},{\"@type\":\"ImageObject\",\"@id\":\"https:\/\/www.paroquiavilaoperaria.org.br\/portal\/#primaryimage\",\"inLanguage\":\"pt-BR\",\"url\":\"https:\/\/www.paroquiavilaoperaria.org.br\/portal\/wp-content\/uploads\/2015\/07\/quem_somos.jpg\",\"contentUrl\":\"https:\/\/www.paroquiavilaoperaria.org.br\/portal\/wp-content\/uploads\/2015\/07\/quem_somos.jpg\",\"width\":360,\"height\":240},{\"@type\":\"WebPage\",\"@id\":\"https:\/\/www.paroquiavilaoperaria.org.br\/portal\/#webpage\",\"url\":\"https:\/\/www.paroquiavilaoperaria.org.br\/portal\/\",\"name\":\"Home - Par\\u00f3quia da Vila Oper\\u00e1ria - Teresina - Piau\\u00ed\",\"isPartOf\":{\"@id\":\"https:\/\/www.paroquiavilaoperaria.org.br\/portal\/#website\"},\"primaryImageOfPage\":{\"@id\":\"https:\/\/www.paroquiavilaoperaria.org.br\/portal\/#primaryimage\"},\"datePublished\":\"2015-06-24T07:37:48+00:00\",\"dateModified\":\"2018-09-27T18:31:23+00:00\",\"breadcrumb\":{\"@id\":\"https:\/\/www.paroquiavilaoperaria.org.br\/portal\/#breadcrumb\"},\"inLanguage\":\"pt-BR\",\"potentialAction\":[{\"@type\":\"ReadAction\",\"target\":[\"https:\/\/www.paroquiavilaoperaria.org.br\/portal\/\"]}]},{\"@type\":\"BreadcrumbList\",\"@id\":\"https:\/\/www.paroquiavilaoperaria.org.br\/portal\/#breadcrumb\",\"itemListElement\":[{\"@type\":\"ListItem\",\"position\":1,\"name\":\"In\\u00edcio\",\"item\":\"https:\/\/www.paroquiavilaoperaria.org.br\/portal\/\"},{\"@type\":\"ListItem\",\"position\":2,\"name\":\"Home\"}]}]}<\/script>\n<!-- \/ Yoast SEO plugin. -->","yoast_head_json":{"title":"Home - Par\u00f3quia da Vila Oper\u00e1ria - Teresina - Piau\u00ed","robots":{"index":"index","follow":"follow","max-snippet":"max-snippet:-1","max-image-preview":"max-image-preview:large","max-video-preview":"max-video-preview:-1"},"canonical":"https:\/\/www.paroquiavilaoperaria.org.br\/portal\/","og_locale":"pt_BR","og_type":"article","og_title":"Home - Par\u00f3quia da Vila Oper\u00e1ria - Teresina - Piau\u00ed","og_description":"A Par\u00f3quia de S\u00e3o Jos\u00e9 Oper\u00e1rio foi fundada em 1 de Maio de 1957. \u00a0Sua hist\u00f3ria \u00e9 de muita f\u00e9 e devo\u00e7\u00e3o. Com um territ\u00f3rio Paroquial que abrange 6 comunidades no entorno da Igreja Matriz, na Vila Oper\u00e1ria, a Par\u00f3quia de S\u00e3o Jos\u00e9 Oper\u00e1rio \u00e9 administrada pelos padres Redentoristas.Em sua estrutura, al\u00e9m das 5 capelas &hellip;","og_url":"https:\/\/www.paroquiavilaoperaria.org.br\/portal\/","og_site_name":"Par\u00f3quia da Vila Oper\u00e1ria - Teresina - Piau\u00ed","article_publisher":"https:\/\/www.facebook.com\/Valdeci-Cavalcante-Advocacia-Assessoria-211334022240065\/","article_modified_time":"2018-09-27T18:31:23+00:00","og_image":[{"width":360,"height":240,"url":"https:\/\/www.paroquiavilaoperaria.org.br\/portal\/wp-content\/uploads\/2015\/07\/quem_somos.jpg","path":"\/home\/vila\/domains\/paroquiavilaoperaria.org.br\/public_html\/portal\/wp-content\/uploads\/2015\/07\/quem_somos.jpg","size":"full","id":820,"alt":"","pixels":86400,"type":"image\/jpeg"}],"twitter_card":"summary","twitter_misc":{"Est. tempo de leitura":"1 minuto"},"schema":{"@context":"https:\/\/schema.org","@graph":[{"@type":"WebSite","@id":"https:\/\/www.paroquiavilaoperaria.org.br\/portal\/#website","url":"https:\/\/www.paroquiavilaoperaria.org.br\/portal\/","name":"Par\u00f3quia da Vila Oper\u00e1ria - Teresina - Piau\u00ed","description":"","potentialAction":[{"@type":"SearchAction","target":{"@type":"EntryPoint","urlTemplate":"https:\/\/www.paroquiavilaoperaria.org.br\/portal\/?s={search_term_string}"},"query-input":"required name=search_term_string"}],"inLanguage":"pt-BR"},{"@type":"ImageObject","@id":"https:\/\/www.paroquiavilaoperaria.org.br\/portal\/#primaryimage","inLanguage":"pt-BR","url":"https:\/\/www.paroquiavilaoperaria.org.br\/portal\/wp-content\/uploads\/2015\/07\/quem_somos.jpg","contentUrl":"https:\/\/www.paroquiavilaoperaria.org.br\/portal\/wp-content\/uploads\/2015\/07\/quem_somos.jpg","width":360,"height":240},{"@type":"WebPage","@id":"https:\/\/www.paroquiavilaoperaria.org.br\/portal\/#webpage","url":"https:\/\/www.paroquiavilaoperaria.org.br\/portal\/","name":"Home - Par\u00f3quia da Vila Oper\u00e1ria - Teresina - Piau\u00ed","isPartOf":{"@id":"https:\/\/www.paroquiavilaoperaria.org.br\/portal\/#website"},"primaryImageOfPage":{"@id":"https:\/\/www.paroquiavilaoperaria.org.br\/portal\/#primaryimage"},"datePublished":"2015-06-24T07:37:48+00:00","dateModified":"2018-09-27T18:31:23+00:00","breadcrumb":{"@id":"https:\/\/www.paroquiavilaoperaria.org.br\/portal\/#breadcrumb"},"inLanguage":"pt-BR","potentialAction":[{"@type":"ReadAction","target":["https:\/\/www.paroquiavilaoperaria.org.br\/portal\/"]}]},{"@type":"BreadcrumbList","@id":"https:\/\/www.paroquiavilaoperaria.org.br\/portal\/#breadcrumb","itemListElement":[{"@type":"ListItem","position":1,"name":"In\u00edcio","item":"https:\/\/www.paroquiavilaoperaria.org.br\/portal\/"},{"@type":"ListItem","position":2,"name":"Home"}]}]}},"_links":{"self":[{"href":"https:\/\/www.paroquiavilaoperaria.org.br\/portal\/wp-json\/wp\/v2\/pages\/454"}],"collection":[{"href":"https:\/\/www.paroquiavilaoperaria.org.br\/portal\/wp-json\/wp\/v2\/pages"}],"about":[{"href":"https:\/\/www.paroquiavilaoperaria.org.br\/portal\/wp-json\/wp\/v2\/types\/page"}],"author":[{"embeddable":true,"href":"https:\/\/www.paroquiavilaoperaria.org.br\/portal\/wp-json\/wp\/v2\/users\/1"}],"replies":[{"embeddable":true,"href":"https:\/\/www.paroquiavilaoperaria.org.br\/portal\/wp-json\/wp\/v2\/comments?post=454"}],"version-history":[{"count":143,"href":"https:\/\/www.paroquiavilaoperaria.org.br\/portal\/wp-json\/wp\/v2\/pages\/454\/revisions"}],"predecessor-version":[{"id":1657,"href":"https:\/\/www.paroquiavilaoperaria.org.br\/portal\/wp-json\/wp\/v2\/pages\/454\/revisions\/1657"}],"wp:featuredmedia":[{"embeddable":true,"href":"https:\/\/www.paroquiavilaoperaria.org.br\/portal\/wp-json\/wp\/v2\/media\/820"}],"wp:attachment":[{"href":"https:\/\/www.paroquiavilaoperaria.org.br\/portal\/wp-json\/wp\/v2\/media?parent=454"}],"curies":[{"name":"wp","href":"https:\/\/api.w.org\/{rel}","templated":true}]}}