{"id":1128,"date":"2017-04-27T08:47:37","date_gmt":"2017-04-27T11:47:37","guid":{"rendered":"http:\/\/www.paroquiavilaoperaria.org.br\/portal\/?page_id=1128"},"modified":"2020-10-30T10:59:18","modified_gmt":"2020-10-30T13:59:18","slug":"faca-sua-doacao","status":"publish","type":"page","link":"https:\/\/www.paroquiavilaoperaria.org.br\/portal\/a-paroquia\/quem-somos-2\/faca-sua-doacao\/","title":{"rendered":"Fa\u00e7a sua Doa\u00e7\u00e3o"},"content":{"rendered":"<p>Fa\u00e7a a sua contribui\u00e7\u00e3o para a Par\u00f3quia S\u00e3o Jos\u00e9 Oper\u00e1rio -Teresina\/PI<\/p>\n<p><a href=\"https:\/\/www.paroquiavilaoperaria.org.br\/portal\/wp-content\/uploads\/2020\/10\/WhatsApp-Image-2020-09-01-at-09.54.32.jpeg\"><img loading=\"lazy\" decoding=\"async\" class=\"wp-image-2209 aligncenter\" src=\"https:\/\/www.paroquiavilaoperaria.org.br\/portal\/wp-content\/uploads\/2020\/10\/WhatsApp-Image-2020-09-01-at-09.54.32.jpeg\" alt=\"\" width=\"282\" height=\"271\" \/><\/a><\/p>\n<p style=\"text-align: center;\"><strong>Dep\u00f3sito na Conta Corrente<\/strong><\/p>\n<p style=\"text-align: center;\"><strong>PAR\u00d3QUIA S\u00c3O JOS\u00c9 OPER\u00c1RIO<\/strong><br \/>\n<strong>BANCO DO BRASIL<\/strong><br \/>\n<strong>AG\u00caNCIA: 3506-8<\/strong><br \/>\n<strong>CONTA CORRENTE: 4375-3<\/strong><\/p>\n<p style=\"text-align: center;\"><strong>CNPJ: 06.516.967\/0013-40<\/strong><\/p>\n","protected":false},"excerpt":{"rendered":"<p>Fa\u00e7a a sua contribui\u00e7\u00e3o para a Par\u00f3quia S\u00e3o Jos\u00e9 Oper\u00e1rio -Teresina\/PI Dep\u00f3sito na Conta Corrente PAR\u00d3QUIA S\u00c3O JOS\u00c9 OPER\u00c1RIO BANCO DO BRASIL AG\u00caNCIA: 3506-8 CONTA CORRENTE: 4375-3 CNPJ: 06.516.967\/0013-40<\/p>\n","protected":false},"author":1,"featured_media":0,"parent":812,"menu_order":0,"comment_status":"closed","ping_status":"closed","template":"","meta":{"_acf_changed":false,"footnotes":""},"acf":[],"yoast_head":"<!-- This site is optimized with the Yoast SEO plugin v16.9 - https:\/\/yoast.com\/wordpress\/plugins\/seo\/ -->\n<title>Fa\u00e7a sua Doa\u00e7\u00e3o - Par\u00f3quia da Vila Oper\u00e1ria - Teresina - Piau\u00ed<\/title>\n<meta name=\"robots\" content=\"index, follow, max-snippet:-1, max-image-preview:large, max-video-preview:-1\" \/>\n<link rel=\"canonical\" href=\"https:\/\/www.paroquiavilaoperaria.org.br\/portal\/a-paroquia\/quem-somos-2\/faca-sua-doacao\/\" \/>\n<meta property=\"og:locale\" content=\"pt_BR\" \/>\n<meta property=\"og:type\" content=\"article\" \/>\n<meta property=\"og:title\" content=\"Fa\u00e7a sua Doa\u00e7\u00e3o - Par\u00f3quia da Vila Oper\u00e1ria - Teresina - Piau\u00ed\" \/>\n<meta property=\"og:description\" content=\"Fa\u00e7a a sua contribui\u00e7\u00e3o para a Par\u00f3quia S\u00e3o Jos\u00e9 Oper\u00e1rio -Teresina\/PI Dep\u00f3sito na Conta Corrente PAR\u00d3QUIA S\u00c3O JOS\u00c9 OPER\u00c1RIO BANCO DO BRASIL AG\u00caNCIA: 3506-8 CONTA CORRENTE: 4375-3 CNPJ: 06.516.967\/0013-40\" \/>\n<meta property=\"og:url\" content=\"https:\/\/www.paroquiavilaoperaria.org.br\/portal\/a-paroquia\/quem-somos-2\/faca-sua-doacao\/\" \/>\n<meta property=\"og:site_name\" content=\"Par\u00f3quia da Vila Oper\u00e1ria - Teresina - Piau\u00ed\" \/>\n<meta property=\"article:publisher\" content=\"https:\/\/www.facebook.com\/Valdeci-Cavalcante-Advocacia-Assessoria-211334022240065\/\" \/>\n<meta property=\"article:modified_time\" content=\"2020-10-30T13:59:18+00:00\" \/>\n<meta property=\"og:image\" content=\"https:\/\/www.paroquiavilaoperaria.org.br\/portal\/wp-content\/uploads\/2020\/10\/WhatsApp-Image-2020-09-01-at-09.54.32.jpeg\" \/>\n<meta name=\"twitter:card\" content=\"summary\" \/>\n<script type=\"application\/ld+json\" class=\"yoast-schema-graph\">{\"@context\":\"https:\/\/schema.org\",\"@graph\":[{\"@type\":\"WebSite\",\"@id\":\"https:\/\/www.paroquiavilaoperaria.org.br\/portal\/#website\",\"url\":\"https:\/\/www.paroquiavilaoperaria.org.br\/portal\/\",\"name\":\"Par\\u00f3quia da Vila Oper\\u00e1ria - Teresina - Piau\\u00ed\",\"description\":\"\",\"potentialAction\":[{\"@type\":\"SearchAction\",\"target\":{\"@type\":\"EntryPoint\",\"urlTemplate\":\"https:\/\/www.paroquiavilaoperaria.org.br\/portal\/?s={search_term_string}\"},\"query-input\":\"required name=search_term_string\"}],\"inLanguage\":\"pt-BR\"},{\"@type\":\"ImageObject\",\"@id\":\"https:\/\/www.paroquiavilaoperaria.org.br\/portal\/a-paroquia\/quem-somos-2\/faca-sua-doacao\/#primaryimage\",\"inLanguage\":\"pt-BR\",\"url\":\"https:\/\/www.paroquiavilaoperaria.org.br\/portal\/wp-content\/uploads\/2020\/10\/WhatsApp-Image-2020-09-01-at-09.54.32.jpeg\",\"contentUrl\":\"https:\/\/www.paroquiavilaoperaria.org.br\/portal\/wp-content\/uploads\/2020\/10\/WhatsApp-Image-2020-09-01-at-09.54.32.jpeg\",\"width\":237,\"height\":228},{\"@type\":\"WebPage\",\"@id\":\"https:\/\/www.paroquiavilaoperaria.org.br\/portal\/a-paroquia\/quem-somos-2\/faca-sua-doacao\/#webpage\",\"url\":\"https:\/\/www.paroquiavilaoperaria.org.br\/portal\/a-paroquia\/quem-somos-2\/faca-sua-doacao\/\",\"name\":\"Fa\\u00e7a sua Doa\\u00e7\\u00e3o - Par\\u00f3quia da Vila Oper\\u00e1ria - Teresina - Piau\\u00ed\",\"isPartOf\":{\"@id\":\"https:\/\/www.paroquiavilaoperaria.org.br\/portal\/#website\"},\"primaryImageOfPage\":{\"@id\":\"https:\/\/www.paroquiavilaoperaria.org.br\/portal\/a-paroquia\/quem-somos-2\/faca-sua-doacao\/#primaryimage\"},\"datePublished\":\"2017-04-27T11:47:37+00:00\",\"dateModified\":\"2020-10-30T13:59:18+00:00\",\"breadcrumb\":{\"@id\":\"https:\/\/www.paroquiavilaoperaria.org.br\/portal\/a-paroquia\/quem-somos-2\/faca-sua-doacao\/#breadcrumb\"},\"inLanguage\":\"pt-BR\",\"potentialAction\":[{\"@type\":\"ReadAction\",\"target\":[\"https:\/\/www.paroquiavilaoperaria.org.br\/portal\/a-paroquia\/quem-somos-2\/faca-sua-doacao\/\"]}]},{\"@type\":\"BreadcrumbList\",\"@id\":\"https:\/\/www.paroquiavilaoperaria.org.br\/portal\/a-paroquia\/quem-somos-2\/faca-sua-doacao\/#breadcrumb\",\"itemListElement\":[{\"@type\":\"ListItem\",\"position\":1,\"name\":\"In\\u00edcio\",\"item\":\"https:\/\/www.paroquiavilaoperaria.org.br\/portal\/\"},{\"@type\":\"ListItem\",\"position\":2,\"name\":\"A Par\\u00f3quia\",\"item\":\"https:\/\/www.paroquiavilaoperaria.org.br\/portal\/a-paroquia\/\"},{\"@type\":\"ListItem\",\"position\":3,\"name\":\"Quem Somos\",\"item\":\"https:\/\/www.paroquiavilaoperaria.org.br\/portal\/a-paroquia\/quem-somos-2\/\"},{\"@type\":\"ListItem\",\"position\":4,\"name\":\"Fa\\u00e7a sua Doa\\u00e7\\u00e3o\"}]}]}<\/script>\n<!-- \/ Yoast SEO plugin. -->","yoast_head_json":{"title":"Fa\u00e7a sua Doa\u00e7\u00e3o - Par\u00f3quia da Vila Oper\u00e1ria - Teresina - Piau\u00ed","robots":{"index":"index","follow":"follow","max-snippet":"max-snippet:-1","max-image-preview":"max-image-preview:large","max-video-preview":"max-video-preview:-1"},"canonical":"https:\/\/www.paroquiavilaoperaria.org.br\/portal\/a-paroquia\/quem-somos-2\/faca-sua-doacao\/","og_locale":"pt_BR","og_type":"article","og_title":"Fa\u00e7a sua Doa\u00e7\u00e3o - Par\u00f3quia da Vila Oper\u00e1ria - Teresina - Piau\u00ed","og_description":"Fa\u00e7a a sua contribui\u00e7\u00e3o para a Par\u00f3quia S\u00e3o Jos\u00e9 Oper\u00e1rio -Teresina\/PI Dep\u00f3sito na Conta Corrente PAR\u00d3QUIA S\u00c3O JOS\u00c9 OPER\u00c1RIO BANCO DO BRASIL AG\u00caNCIA: 3506-8 CONTA CORRENTE: 4375-3 CNPJ: 06.516.967\/0013-40","og_url":"https:\/\/www.paroquiavilaoperaria.org.br\/portal\/a-paroquia\/quem-somos-2\/faca-sua-doacao\/","og_site_name":"Par\u00f3quia da Vila Oper\u00e1ria - Teresina - Piau\u00ed","article_publisher":"https:\/\/www.facebook.com\/Valdeci-Cavalcante-Advocacia-Assessoria-211334022240065\/","article_modified_time":"2020-10-30T13:59:18+00:00","og_image":[{"url":"https:\/\/www.paroquiavilaoperaria.org.br\/portal\/wp-content\/uploads\/2020\/10\/WhatsApp-Image-2020-09-01-at-09.54.32.jpeg"}],"twitter_card":"summary","schema":{"@context":"https:\/\/schema.org","@graph":[{"@type":"WebSite","@id":"https:\/\/www.paroquiavilaoperaria.org.br\/portal\/#website","url":"https:\/\/www.paroquiavilaoperaria.org.br\/portal\/","name":"Par\u00f3quia da Vila Oper\u00e1ria - Teresina - Piau\u00ed","description":"","potentialAction":[{"@type":"SearchAction","target":{"@type":"EntryPoint","urlTemplate":"https:\/\/www.paroquiavilaoperaria.org.br\/portal\/?s={search_term_string}"},"query-input":"required name=search_term_string"}],"inLanguage":"pt-BR"},{"@type":"ImageObject","@id":"https:\/\/www.paroquiavilaoperaria.org.br\/portal\/a-paroquia\/quem-somos-2\/faca-sua-doacao\/#primaryimage","inLanguage":"pt-BR","url":"https:\/\/www.paroquiavilaoperaria.org.br\/portal\/wp-content\/uploads\/2020\/10\/WhatsApp-Image-2020-09-01-at-09.54.32.jpeg","contentUrl":"https:\/\/www.paroquiavilaoperaria.org.br\/portal\/wp-content\/uploads\/2020\/10\/WhatsApp-Image-2020-09-01-at-09.54.32.jpeg","width":237,"height":228},{"@type":"WebPage","@id":"https:\/\/www.paroquiavilaoperaria.org.br\/portal\/a-paroquia\/quem-somos-2\/faca-sua-doacao\/#webpage","url":"https:\/\/www.paroquiavilaoperaria.org.br\/portal\/a-paroquia\/quem-somos-2\/faca-sua-doacao\/","name":"Fa\u00e7a sua Doa\u00e7\u00e3o - Par\u00f3quia da Vila Oper\u00e1ria - Teresina - Piau\u00ed","isPartOf":{"@id":"https:\/\/www.paroquiavilaoperaria.org.br\/portal\/#website"},"primaryImageOfPage":{"@id":"https:\/\/www.paroquiavilaoperaria.org.br\/portal\/a-paroquia\/quem-somos-2\/faca-sua-doacao\/#primaryimage"},"datePublished":"2017-04-27T11:47:37+00:00","dateModified":"2020-10-30T13:59:18+00:00","breadcrumb":{"@id":"https:\/\/www.paroquiavilaoperaria.org.br\/portal\/a-paroquia\/quem-somos-2\/faca-sua-doacao\/#breadcrumb"},"inLanguage":"pt-BR","potentialAction":[{"@type":"ReadAction","target":["https:\/\/www.paroquiavilaoperaria.org.br\/portal\/a-paroquia\/quem-somos-2\/faca-sua-doacao\/"]}]},{"@type":"BreadcrumbList","@id":"https:\/\/www.paroquiavilaoperaria.org.br\/portal\/a-paroquia\/quem-somos-2\/faca-sua-doacao\/#breadcrumb","itemListElement":[{"@type":"ListItem","position":1,"name":"In\u00edcio","item":"https:\/\/www.paroquiavilaoperaria.org.br\/portal\/"},{"@type":"ListItem","position":2,"name":"A Par\u00f3quia","item":"https:\/\/www.paroquiavilaoperaria.org.br\/portal\/a-paroquia\/"},{"@type":"ListItem","position":3,"name":"Quem Somos","item":"https:\/\/www.paroquiavilaoperaria.org.br\/portal\/a-paroquia\/quem-somos-2\/"},{"@type":"ListItem","position":4,"name":"Fa\u00e7a sua Doa\u00e7\u00e3o"}]}]}},"_links":{"self":[{"href":"https:\/\/www.paroquiavilaoperaria.org.br\/portal\/wp-json\/wp\/v2\/pages\/1128"}],"collection":[{"href":"https:\/\/www.paroquiavilaoperaria.org.br\/portal\/wp-json\/wp\/v2\/pages"}],"about":[{"href":"https:\/\/www.paroquiavilaoperaria.org.br\/portal\/wp-json\/wp\/v2\/types\/page"}],"author":[{"embeddable":true,"href":"https:\/\/www.paroquiavilaoperaria.org.br\/portal\/wp-json\/wp\/v2\/users\/1"}],"replies":[{"embeddable":true,"href":"https:\/\/www.paroquiavilaoperaria.org.br\/portal\/wp-json\/wp\/v2\/comments?post=1128"}],"version-history":[{"count":5,"href":"https:\/\/www.paroquiavilaoperaria.org.br\/portal\/wp-json\/wp\/v2\/pages\/1128\/revisions"}],"predecessor-version":[{"id":2212,"href":"https:\/\/www.paroquiavilaoperaria.org.br\/portal\/wp-json\/wp\/v2\/pages\/1128\/revisions\/2212"}],"up":[{"embeddable":true,"href":"https:\/\/www.paroquiavilaoperaria.org.br\/portal\/wp-json\/wp\/v2\/pages\/812"}],"wp:attachment":[{"href":"https:\/\/www.paroquiavilaoperaria.org.br\/portal\/wp-json\/wp\/v2\/media?parent=1128"}],"curies":[{"name":"wp","href":"https:\/\/api.w.org\/{rel}","templated":true}]}}